{"id":8715,"date":"2017-07-23T14:39:08","date_gmt":"2017-07-23T14:39:08","guid":{"rendered":"http:\/\/gromar.de\/?post_type=product&#038;p=8715"},"modified":"2017-08-14T13:44:56","modified_gmt":"2017-08-14T13:44:56","slug":"kantenanleimmaschine-homag-optimat-kal-3106a20s2-bj-2007","status":"publish","type":"product","link":"https:\/\/iberus.pl\/?product=kantenanleimmaschine-homag-optimat-kal-3106a20s2-bj-2007","title":{"rendered":"Kantenanleimmaschine Homag Optimat KAL 310\/6\/A20\/S2, Bj.: 2007"},"content":{"rendered":"<p>geeignet f\u00fcr PVC, Furnier und empfindliche Kante (z.B. Alukante).<\/p>\n<p>mit Aufschmelzer ROBATECH f\u00fcr PUR Hot \u2013 Melt.<\/p>\n<p>&nbsp;<\/p>\n<table>\n<tbody>\n<tr>\n<td width=\"503\">\n<p>Betriebszeit Gesamt (h)<\/p>\n<\/td>\n<td width=\"564\">\n<p>14242<\/p>\n<\/td>\n<\/tr>\n<tr>\n<td width=\"503\">\n<p>Bearbeitungszeit Gesamt (h)<\/p>\n<\/td>\n<td width=\"564\">\n<p>615<\/p>\n<\/td>\n<\/tr>\n<tr>\n<td width=\"503\">\n<p>Laufmeter Gesamt (m)<\/p>\n<\/td>\n<td width=\"564\">\n<p>282965<\/p>\n<\/td>\n<\/tr>\n<tr>\n<td width=\"503\">\n<p>Maschinen-Nr.<\/p>\n<\/td>\n<td width=\"564\">\n<p>0-200-19-2499<\/p>\n<\/td>\n<\/tr>\n<tr>\n<td width=\"503\">\n<p>Arbeitsh\u00f6he<\/p>\n<\/td>\n<td width=\"564\">\n<p>950 mm<\/p>\n<\/td>\n<\/tr>\n<tr>\n<td width=\"503\">\n<p>Arbeitsma\u00dfe<\/p>\n<\/td>\n<td width=\"564\">\n<p>&nbsp;<\/p>\n<\/td>\n<\/tr>\n<tr>\n<td width=\"503\">\n<p>Werkst\u00fcckdicke<\/p>\n<\/td>\n<td width=\"564\">\n<p>12 \u2013 60 mm<\/p>\n<\/td>\n<\/tr>\n<tr>\n<td width=\"503\">\n<p>Arbeitsbreite minimal<\/p>\n<\/td>\n<td width=\"564\">\n<p>&nbsp;<\/p>\n<\/td>\n<\/tr>\n<tr>\n<td width=\"503\">\n<p>bei Werst\u00fcckdicke 22 mm<\/p>\n<\/td>\n<td width=\"564\">\n<p>min. 55 mm<\/p>\n<\/td>\n<\/tr>\n<tr>\n<td width=\"503\">\n<p>bei Werst\u00fcckdicke 60 mm<\/p>\n<\/td>\n<td width=\"564\">\n<p>min. 100 mm<\/p>\n<\/td>\n<\/tr>\n<tr>\n<td width=\"503\">\n<p>Werkst\u00fcck\u00fcberstand<\/p>\n<\/td>\n<td width=\"564\">\n<p>30 mm<\/p>\n<\/td>\n<\/tr>\n<tr>\n<td width=\"503\">\n<p>Werkst\u00fcckl\u00e4nge<\/p>\n<\/td>\n<td width=\"564\">\n<p>min. 300 mm<\/p>\n<\/td>\n<\/tr>\n<tr>\n<td width=\"503\">\n<p>Kantenmaterial Streifen max.<\/p>\n<\/td>\n<td width=\"564\">\n<p>0,4 &#8211; 20 mm<\/p>\n<\/td>\n<\/tr>\n<tr>\n<td width=\"503\">\n<p>Kantenquerschnitt Streifen max.<\/p>\n<\/td>\n<td width=\"564\">\n<p>900m2<\/p>\n<\/td>\n<\/tr>\n<tr>\n<td width=\"503\">\n<p>Kantenmaterial Rolle<\/p>\n<\/td>\n<td width=\"564\">\n<p>0,3 \u2013 3mm<\/p>\n<\/td>\n<\/tr>\n<tr>\n<td width=\"503\">\n<p>Kantenquerschnitt max \u2013 bei PVC<\/p>\n<\/td>\n<td width=\"564\">\n<p>135 mm2<\/p>\n<\/td>\n<\/tr>\n<tr>\n<td width=\"503\">\n<p>Kantenquerschnitt max \u2013 bei Furnier<\/p>\n<\/td>\n<td width=\"564\">\n<p>100 mm2<\/p>\n<\/td>\n<\/tr>\n<tr>\n<td width=\"503\">\n<p>Kantenquerschnitt max \u2013 bei Alukante<\/p>\n<\/td>\n<td width=\"564\">\n<p>&nbsp;<\/p>\n<\/td>\n<\/tr>\n<tr>\n<td width=\"503\">\n<p>Rollendurchmesser max.<\/p>\n<\/td>\n<td width=\"564\">\n<p>830 mm<\/p>\n<\/td>\n<\/tr>\n<tr>\n<td width=\"503\">\n<p>Pneumatikanschlu\u00df<\/p>\n<\/td>\n<td width=\"564\">\n<p>7-8 bar<\/p>\n<\/td>\n<\/tr>\n<tr>\n<td width=\"503\">\n<p>&nbsp;<\/p>\n<\/td>\n<td width=\"564\">\n<p>&nbsp;<\/p>\n<\/td>\n<\/tr>\n<tr>\n<td width=\"503\">\n<p>F\u00fcgefr\u00e4saggregat<\/p>\n<\/td>\n<td width=\"564\">\n<p>2 x 3 kW; 150 Hz; 9000Upm mit\u00a0 2 DIA \u2013 F\u00fcgemesserk\u00f6pfe , Werkst\u00fcckdicke max 30mm<\/p>\n<\/td>\n<\/tr>\n<tr>\n<td width=\"503\">\n<p>Werkst\u00fcckvorw\u00e4rmung<\/p>\n<p>&nbsp;<\/p>\n<\/td>\n<td width=\"564\">\n<p>zur Erw\u00e4rmung der Werkst\u00fcckkante vor der Leimangabe<\/p>\n<\/td>\n<\/tr>\n<tr>\n<td width=\"503\">\n<p>Aufschmelzeinheit <strong>ROBATECH PUR<\/strong> Premelter Typ 18\/Homag\/EU<\/p>\n<\/td>\n<td width=\"564\">\n<p>zum Schmelzen von reaktiven Polyurethan-Leimen. Inhalt des Beh\u00e4lters 18 l, \u00d6ffnungsgr\u00f6\u00dfe 170 x 170 mm, Schmelzkapazit\u00e4t ca. 10 kg \/ h, Druckverstellung bis 70 bar.<\/p>\n<\/td>\n<\/tr>\n<tr>\n<td width=\"503\">\n<p>Zusatzbaugruppe <strong>Alukante<\/strong> Verleimteil A20<\/p>\n<\/td>\n<td width=\"564\">\n<p>&#8211; Verleimteil A20 vorbereitet zum Anleimen von Alukante<\/p>\n<p>&#8211; Kantenabmessung:<\/p>\n<p>Rollenware bis max. 1,5 mm<\/p>\n<p>Kantenquerschnitt max. 42 mm2<\/p>\n<p>&#8211; inkl. Sondersteuerung und einer zus\u00e4tzlischen horizontalen Rollenaufnahme<\/p>\n<\/td>\n<\/tr>\n<tr>\n<td width=\"503\">\n<p>Lange Leimsonde<\/p>\n<\/td>\n<td width=\"564\">\n<p>&nbsp;<\/p>\n<\/td>\n<\/tr>\n<tr>\n<td width=\"503\">\n<p>Magazin 1 Rolle<\/p>\n<\/td>\n<td width=\"564\">\n<p>f\u00fcr Massivkanten, Streifenware und Rollenware<\/p>\n<\/td>\n<\/tr>\n<tr>\n<td width=\"503\">\n<p>Druckzone C<\/p>\n<\/td>\n<td width=\"564\">\n<p>1 angetriebene Vorpressrolle 150mm, 6 Nachpressrolen 70 mm<\/p>\n<\/td>\n<\/tr>\n<tr>\n<td width=\"503\">\n<p>Kappaggregate HL84\/85<\/p>\n<\/td>\n<td width=\"564\">\n<p>2 x 0,5 kW; 200 Hz; 12000 Upm<\/p>\n<\/td>\n<\/tr>\n<tr>\n<td width=\"503\">\n<p>Vorfr\u00e4saggregat<\/p>\n<\/td>\n<td width=\"564\">\n<p>2 x 1,5 kW; 200 Hz; 12000 Upm<\/p>\n<\/td>\n<\/tr>\n<tr>\n<td width=\"503\">\n<p>Formfr\u00e4saggregat FK 11 manuell<\/p>\n<\/td>\n<td width=\"564\">\n<p>2 x 0,55 kW; 200 Hz; 12000 Upm<\/p>\n<\/td>\n<\/tr>\n<tr>\n<td width=\"503\">\n<p>Wechselkopfsatz automatisch verstellbar FK<\/p>\n<\/td>\n<td width=\"564\">\n<p>2 Wechselk\u00f6pfe zum Aufbau auf Formfr\u00e4saggregat FK 11\/13\/21\/23<\/p>\n<\/td>\n<\/tr>\n<tr>\n<td width=\"503\">\n<p>Wechselkopfsatz manuell verstellbar FK<\/p>\n<\/td>\n<td width=\"564\">\n<p>2 Wechselk\u00f6pfe zum Aufbau auf Formfr\u00e4saggregat FK 11\/21<\/p>\n<\/td>\n<\/tr>\n<tr>\n<td width=\"503\">\n<p>DIA- Radiusfr\u00e4ser- Satz<\/p>\n<\/td>\n<td width=\"564\">\n<p>f\u00fcr FK R=2 mm, Z=4<\/p>\n<\/td>\n<\/tr>\n<tr>\n<td width=\"503\">\n<p>DIA- Radiusfr\u00e4ser- Satz<\/p>\n<\/td>\n<td width=\"564\">\n<p>f\u00fcr FK R=1,5 mm, Z=4<\/p>\n<\/td>\n<\/tr>\n<tr>\n<td width=\"503\">\n<p>Nachputzeinrichtung Profil Optimat PN10<\/p>\n<\/td>\n<td width=\"564\">\n<p>Abtastung von oben, unten und seitlich zum Fasen oder Runden von vorgefr\u00e4sten\u00a0 PCV Kanten<\/p>\n<\/td>\n<\/tr>\n<tr>\n<td width=\"503\">\n<p>Schnellwechselkopfsatz<\/p>\n<\/td>\n<td width=\"564\">\n<p>2 Schnellwechselk\u00f6pfe R=2 mm f\u00fcr PN10 f\u00fcr einfacher Radiuswechsel<\/p>\n<\/td>\n<\/tr>\n<tr>\n<td width=\"503\">\n<p>Schnellwechselkopfsatz<\/p>\n<\/td>\n<td width=\"564\">\n<p>2 Schnellwechselk\u00f6pfe R=1 mm f\u00fcr PN10 f\u00fcr einfacher Radiuswechsel<\/p>\n<\/td>\n<\/tr>\n<tr>\n<td width=\"503\">\n<p>Finischaggregat FA 11<\/p>\n<\/td>\n<td width=\"564\">\n<p>Nachputzeinrichtung Leimfuge mit Hartmetallmesser,<\/p>\n<p>Reinigungsmittelauftrag mittels Spr\u00fchd\u00fcse<\/p>\n<p>Schwabbelaggregat<\/p>\n<\/td>\n<\/tr>\n<tr>\n<td width=\"503\">\n<p>Vorschubgeschwindigkeit<\/p>\n<\/td>\n<td width=\"564\">\n<p>18 m\/min<\/p>\n<\/td>\n<\/tr>\n<tr>\n<td width=\"503\">\n<p>Steuerung<\/p>\n<\/td>\n<td width=\"564\">\n<p>Power control PC 22 anstelle Homatic NC21<\/p>\n<\/td>\n<\/tr>\n<tr>\n<td width=\"503\">\n<p>Zus\u00e4tliche Rollenschiene am Einlauf<\/p>\n<\/td>\n<td width=\"564\">\n<p>Mit Anpassung des Einlauflineals f\u00fcr Deckschicht\u00fcberstands max. 10 mm Werkst\u00fcckdicke min. 14 mm bei Deckschicht<\/p>\n<\/td>\n<\/tr>\n<tr>\n<td width=\"503\">\n<p>Abstreifer f\u00fcr Druckrollen Druckzone<\/p>\n<\/td>\n<td width=\"564\">\n<p>&nbsp;<\/p>\n<\/td>\n<\/tr>\n<tr>\n<td width=\"503\">\n<p>Stand by Leimauftrag<\/p>\n<\/td>\n<td width=\"564\">\n<p>Leimtemperaturabsenkung im Leerlauf individuell einstellbar<\/p>\n<\/td>\n<\/tr>\n<tr>\n<td width=\"503\">\n<p>Z\u00e4hlwerk Tastrollenverstellung<\/p>\n<\/td>\n<td width=\"564\">\n<p>oben\/unten am Vorfr\u00e4saggregat<\/p>\n<\/td>\n<\/tr>\n<tr>\n<td width=\"503\">\n<p>Vorinstallation f\u00fcr Boomerang ZHR05<\/p>\n<\/td>\n<td width=\"564\">\n<p>&nbsp;<\/p>\n<\/td>\n<\/tr>\n<tr>\n<td width=\"503\">\n<p>Werkst\u00fcckauflage\u00a0 Scherenausf\u00fchrung<\/p>\n<\/td>\n<td width=\"564\">\n<p>mir Rollenauflage, max. 1000 mm ausfahrbar<\/p>\n<\/td>\n<\/tr>\n<tr>\n<td width=\"503\">\n<p>Verl\u00e4ngerung Scherenausf\u00fchrung<\/p>\n<\/td>\n<td width=\"564\">\n<p>pro Stufensprung<\/p>\n<\/td>\n<\/tr>\n<tr>\n<td width=\"503\">\n<p>Schiebeschlitten<\/p>\n<\/td>\n<td width=\"564\">\n<p>zum rechtwinkeligen Einf\u00fchren der Werkst\u00fccke bei einseitiger Bearbeitung, abklappbar<\/p>\n<\/td>\n<\/tr>\n<tr>\n<td width=\"503\">\n<p>Maschinenabmessung:<\/p>\n<\/td>\n<td width=\"564\">\n<p>&nbsp;<\/p>\n<\/td>\n<\/tr>\n<tr>\n<td width=\"503\">\n<p>Gesamtl\u00e4nge<\/p>\n<\/td>\n<td width=\"564\">\n<p>7975 mm<\/p>\n<\/td>\n<\/tr>\n<tr>\n<td width=\"503\">\n<p>Gesamtbreite geschlossen\/ ge\u00f6ffnet<\/p>\n<\/td>\n<td width=\"564\">\n<p>910\/ 1540 mm<\/p>\n<\/td>\n<\/tr>\n<tr>\n<td width=\"503\">\n<p>Gesamth\u00f6he geschlossen\/ge\u00f6ffnet<\/p>\n<\/td>\n<td width=\"564\">\n<p>1803\/ 2250 mm<\/p>\n<\/td>\n<\/tr>\n<tr>\n<td width=\"503\">\n<p>Gewicht<\/p>\n<\/td>\n<td width=\"564\">\n<p>ca. 6000 kg<\/p>\n<\/td>\n<\/tr>\n<tr>\n<td width=\"503\">\n<p>Gesamtanschlusswert<\/p>\n<\/td>\n<td width=\"564\">\n<p>ca. 31 kW<\/p>\n<\/td>\n<\/tr>\n<tr>\n<td width=\"503\">\n<p>Standort<\/p>\n<\/td>\n<td width=\"564\">\n<p>D-32683 Barntrup<\/p>\n<\/td>\n<\/tr>\n<\/tbody>\n<\/table>\n<p>Die Maschine befindet sich in einem sehr guten Zustand.<\/p>\n<p>&nbsp;<\/p>\n<p><em>(\u00c4nderungen und Irrt\u00fcmer in den technischen Daten, sowie Zwischenverkauf vorbehalten)<\/em><\/p>\n","protected":false},"excerpt":{"rendered":"<p>geeignet f\u00fcr PVC, Furnier und empfindliche Kante (z.B. Alukante). mit Aufschmelzer ROBATECH f\u00fcr PUR Hot \u2013 Melt. &nbsp; Betriebszeit Gesamt (h) 14242 Bearbeitungszeit Gesamt (h) 615 Laufmeter Gesamt (m) 282965 Maschinen-Nr. 0-200-19-2499 Arbeitsh\u00f6he 950 mm Arbeitsma\u00dfe &nbsp; Werkst\u00fcckdicke 12 \u2013 60 mm Arbeitsbreite minimal &nbsp; bei Werst\u00fcckdicke 22 mm min. 55 mm bei Werst\u00fcckdicke 60 [&hellip;]<\/p>\n","protected":false},"featured_media":8737,"template":"","meta":{"_monsterinsights_skip_tracking":false,"_monsterinsights_sitenote_active":false,"_monsterinsights_sitenote_note":"","_monsterinsights_sitenote_category":0,"ngg_post_thumbnail":0},"product_cat":[340],"product_tag":[],"class_list":{"0":"post-8715","1":"product","2":"type-product","3":"status-publish","4":"has-post-thumbnail","6":"product_cat-verkauft","8":"first","9":"instock","10":"downloadable","11":"shipping-taxable","12":"product-type-simple"},"_links":{"self":[{"href":"https:\/\/iberus.pl\/index.php?rest_route=\/wp\/v2\/product\/8715"}],"collection":[{"href":"https:\/\/iberus.pl\/index.php?rest_route=\/wp\/v2\/product"}],"about":[{"href":"https:\/\/iberus.pl\/index.php?rest_route=\/wp\/v2\/types\/product"}],"wp:featuredmedia":[{"embeddable":true,"href":"https:\/\/iberus.pl\/index.php?rest_route=\/wp\/v2\/media\/8737"}],"wp:attachment":[{"href":"https:\/\/iberus.pl\/index.php?rest_route=%2Fwp%2Fv2%2Fmedia&parent=8715"}],"wp:term":[{"taxonomy":"product_cat","embeddable":true,"href":"https:\/\/iberus.pl\/index.php?rest_route=%2Fwp%2Fv2%2Fproduct_cat&post=8715"},{"taxonomy":"product_tag","embeddable":true,"href":"https:\/\/iberus.pl\/index.php?rest_route=%2Fwp%2Fv2%2Fproduct_tag&post=8715"}],"curies":[{"name":"wp","href":"https:\/\/api.w.org\/{rel}","templated":true}]}}