{"id":8517,"date":"2017-05-28T19:28:49","date_gmt":"2017-05-28T19:28:49","guid":{"rendered":"http:\/\/gromar.de\/?product=szlifierka-do-nozy-strugarek-reform-typ-ar15-4"},"modified":"2021-02-26T16:24:19","modified_gmt":"2021-02-26T16:24:19","slug":"szlifierka-do-nozy-strugarek-reform-typ-ar15-4","status":"publish","type":"product","link":"https:\/\/iberus.pl\/?product=szlifierka-do-nozy-strugarek-reform-typ-ar15-4","title":{"rendered":"Szlifierka do nozy strugarek Reform Typ: AR15 &#8211; 4"},"content":{"rendered":"<p><strong>\u00a0<\/strong><\/p>\n<table>\n<tbody>\n<tr>\n<td width=\"620\">\n<p>Nr maszyny<\/p>\n<\/td>\n<td width=\"541\">\n<p>4074 89<\/p>\n<\/td>\n<\/tr>\n<tr>\n<td width=\"620\">\n<p>Szlifierka do nozy<\/p>\n<\/td>\n<td width=\"541\">\n<p>wysokowydajna<\/p>\n<\/td>\n<\/tr>\n<tr>\n<td width=\"620\">\n<p>Dlugosc stolu magnetycznego<\/p>\n<\/td>\n<td width=\"541\">\n<p>1500 mm<\/p>\n<\/td>\n<\/tr>\n<tr>\n<td width=\"620\">\n<p>Szerokosc stolu magnetycznego<\/p>\n<\/td>\n<td width=\"541\">\n<p>150 mm<\/p>\n<\/td>\n<\/tr>\n<tr>\n<td width=\"620\">\n<p>Stol magnetyczny<\/p>\n<\/td>\n<td width=\"541\">\n<p>wychylny 45\u00b0\/90\u00b0<\/p>\n<\/td>\n<\/tr>\n<tr>\n<td width=\"620\">\n<p>Motor szlifujacy<\/p>\n<\/td>\n<td width=\"541\">\n<p>5,5 kW<\/p>\n<\/td>\n<\/tr>\n<tr>\n<td width=\"620\">\n<p>Laczna moc podlaczeniowa<\/p>\n<\/td>\n<td width=\"541\">\n<p>7,5 kW<\/p>\n<\/td>\n<\/tr>\n<tr>\n<td width=\"620\">\n<p>Urzadzenie chlodzace z pompa i wanna<\/p>\n<\/td>\n<td width=\"541\">\n<p>tak<\/p>\n<\/td>\n<\/tr>\n<tr>\n<td width=\"620\">\n<p>Ciezar ok<\/p>\n<\/td>\n<td width=\"541\">\n<p>2500 kg<\/p>\n<\/td>\n<\/tr>\n<tr>\n<td width=\"620\">\n<p>Wymiar do zaladunku<\/p>\n<\/td>\n<td width=\"541\">\n<p>2750x1000x1600mm<\/p>\n<\/td>\n<\/tr>\n<tr>\n<td width=\"620\">\n<p>Miejsce postoju<\/p>\n<\/td>\n<td width=\"541\">\n<p>Gdansk<\/p>\n<\/td>\n<\/tr>\n<\/tbody>\n<\/table>\n<p>&nbsp;<\/p>\n<p>(Z zastrze\u017ceniem, pomy\u0142ek, zmian technicznych i wcze\u015bniejszej sprzeda\u017cy<em>)<\/em><\/p>\n","protected":false},"excerpt":{"rendered":"<p>\u00a0 Nr maszyny 4074 89 Szlifierka do nozy wysokowydajna Dlugosc stolu magnetycznego 1500 mm Szerokosc stolu magnetycznego 150 mm Stol magnetyczny wychylny 45\u00b0\/90\u00b0 Motor szlifujacy 5,5 kW Laczna moc podlaczeniowa 7,5 kW Urzadzenie chlodzace z pompa i wanna tak Ciezar ok 2500 kg Wymiar do zaladunku 2750x1000x1600mm Miejsce postoju Gdansk &nbsp; (Z zastrze\u017ceniem, pomy\u0142ek, zmian [&hellip;]<\/p>\n","protected":false},"featured_media":8509,"template":"","meta":{"_monsterinsights_skip_tracking":false,"_monsterinsights_sitenote_active":false,"_monsterinsights_sitenote_note":"","_monsterinsights_sitenote_category":0,"ngg_post_thumbnail":0},"product_cat":[338],"product_tag":[],"class_list":{"0":"post-8517","1":"product","2":"type-product","3":"status-publish","4":"has-post-thumbnail","6":"product_cat-sprzedane","8":"first","9":"instock","10":"shipping-taxable","11":"product-type-simple"},"_links":{"self":[{"href":"https:\/\/iberus.pl\/index.php?rest_route=\/wp\/v2\/product\/8517"}],"collection":[{"href":"https:\/\/iberus.pl\/index.php?rest_route=\/wp\/v2\/product"}],"about":[{"href":"https:\/\/iberus.pl\/index.php?rest_route=\/wp\/v2\/types\/product"}],"wp:featuredmedia":[{"embeddable":true,"href":"https:\/\/iberus.pl\/index.php?rest_route=\/wp\/v2\/media\/8509"}],"wp:attachment":[{"href":"https:\/\/iberus.pl\/index.php?rest_route=%2Fwp%2Fv2%2Fmedia&parent=8517"}],"wp:term":[{"taxonomy":"product_cat","embeddable":true,"href":"https:\/\/iberus.pl\/index.php?rest_route=%2Fwp%2Fv2%2Fproduct_cat&post=8517"},{"taxonomy":"product_tag","embeddable":true,"href":"https:\/\/iberus.pl\/index.php?rest_route=%2Fwp%2Fv2%2Fproduct_tag&post=8517"}],"curies":[{"name":"wp","href":"https:\/\/api.w.org\/{rel}","templated":true}]}}