{"id":8322,"date":"2017-05-26T16:41:13","date_gmt":"2017-05-26T16:41:13","guid":{"rendered":"http:\/\/gromar.de\/?product=abstapelautomat-falcioni-model-rotoplus-4-bj-2006"},"modified":"2017-05-26T16:49:29","modified_gmt":"2017-05-26T16:49:29","slug":"abstapelautomat-falcioni-model-rotoplus-4-bj-2006","status":"publish","type":"product","link":"https:\/\/iberus.pl\/?product=abstapelautomat-falcioni-model-rotoplus-4-bj-2006","title":{"rendered":"Abstapelautomat Falcioni Model.: Rotoplus \/ 4,  Bj.: 2006"},"content":{"rendered":"<table>\n<tbody>\n<tr>\n<td width=\"428\">\n<p>Serien-Nr.<\/p>\n<\/td>\n<td width=\"696\">\n<p>02232248<\/p>\n<\/td>\n<\/tr>\n<tr>\n<td width=\"428\">\n<p>Anzahl der Ausleger<\/p>\n<\/td>\n<td width=\"696\">\n<p>4<\/p>\n<\/td>\n<\/tr>\n<tr>\n<td width=\"428\">\n<p>Abstand zwischen der Ausleger<\/p>\n<\/td>\n<td width=\"696\">\n<p>L-1800mm (300, 600, 900 mm)<\/p>\n<\/td>\n<\/tr>\n<tr>\n<td width=\"428\">\n<p>L\u00e4nge der Rollenf\u00f6rderer<\/p>\n<\/td>\n<td width=\"696\">\n<p>3550 mm<\/p>\n<\/td>\n<\/tr>\n<tr>\n<td width=\"428\">\n<p>L\u00e4nge der Rollen des Rollenf\u00f6rderer<\/p>\n<\/td>\n<td width=\"696\">\n<p>&nbsp;<\/p>\n<p>200 mm<\/p>\n<\/td>\n<\/tr>\n<tr>\n<td width=\"428\">\n<p>Abstand zwischen der Rollen Mitte zur Mitte<\/p>\n<\/td>\n<td width=\"696\">\n<p>&nbsp;<\/p>\n<p>300 mm<\/p>\n<\/td>\n<\/tr>\n<tr>\n<td width=\"428\">\n<p>Abmessung der Werkst\u00fccke:<\/p>\n<\/td>\n<td width=\"696\">\n<p>&nbsp;<\/p>\n<\/td>\n<\/tr>\n<tr>\n<td width=\"428\">\n<p>Max. Werkst\u00fcckst\u00e4rke<\/p>\n<\/td>\n<td width=\"696\">\n<p>60 mm<\/p>\n<\/td>\n<\/tr>\n<tr>\n<td width=\"428\">\n<p>Max. Werkst\u00fcckbreite<\/p>\n<\/td>\n<td width=\"696\">\n<p>180 mm<\/p>\n<\/td>\n<\/tr>\n<tr>\n<td width=\"428\">\n<p>Profill\u00e4nge<\/p>\n<\/td>\n<td width=\"696\">\n<p>450-3300 mm<\/p>\n<\/td>\n<\/tr>\n<tr>\n<td width=\"428\">\n<p>Ladeh\u00f6he min\/max.<\/p>\n<\/td>\n<td width=\"696\">\n<p>740- 2160 mm<\/p>\n<\/td>\n<\/tr>\n<tr>\n<td width=\"428\">\n<p>Max. Profilgewicht<\/p>\n<\/td>\n<td width=\"696\">\n<p>7 kg pro H\u00e4ngef\u00f6rderer<\/p>\n<\/td>\n<\/tr>\n<tr>\n<td width=\"428\">\n<p>Vorlaufgeschwindigkeit der Werkst\u00fccke<\/p>\n<\/td>\n<td width=\"696\">\n<p>&nbsp;<\/p>\n<p>25 \u2013 100 m\/min<\/p>\n<\/td>\n<\/tr>\n<tr>\n<td width=\"428\">\n<p>Gesamtleistung<\/p>\n<\/td>\n<td width=\"696\">\n<p>3 kW<\/p>\n<\/td>\n<\/tr>\n<tr>\n<td width=\"428\">\n<p>Elektrische Normen<\/p>\n<\/td>\n<td width=\"696\">\n<p>Motor und Elektrik in Ex-Ausf\u00fchrung<\/p>\n<\/td>\n<\/tr>\n<tr>\n<td width=\"428\">\n<p>Maschinenabmessung LxBxH<\/p>\n<\/td>\n<td width=\"696\">\n<p>3600x2454x2605 mm<\/p>\n<\/td>\n<\/tr>\n<tr>\n<td width=\"428\">\n<p>Gewicht<\/p>\n<\/td>\n<td width=\"696\">\n<p>2000 kg<\/p>\n<\/td>\n<\/tr>\n<tr>\n<td width=\"428\">\n<p>Standort<\/p>\n<\/td>\n<td width=\"696\">\n<p>PL-80958 Danzig<\/p>\n<\/td>\n<\/tr>\n<\/tbody>\n<\/table>\n<p>(<em>\u00c4nderungen und Irrt\u00fcmer in den technischen Daten, sowie Zwischenverkauf vorbehalten)<\/em><\/p>\n","protected":false},"excerpt":{"rendered":"<p>Serien-Nr. 02232248 Anzahl der Ausleger 4 Abstand zwischen der Ausleger L-1800mm (300, 600, 900 mm) L\u00e4nge der Rollenf\u00f6rderer 3550 mm L\u00e4nge der Rollen des Rollenf\u00f6rderer &nbsp; 200 mm Abstand zwischen der Rollen Mitte zur Mitte &nbsp; 300 mm Abmessung der Werkst\u00fccke: &nbsp; Max. Werkst\u00fcckst\u00e4rke 60 mm Max. Werkst\u00fcckbreite 180 mm Profill\u00e4nge 450-3300 mm Ladeh\u00f6he min\/max. [&hellip;]<\/p>\n","protected":false},"featured_media":8311,"template":"","meta":{"_monsterinsights_skip_tracking":false,"_monsterinsights_sitenote_active":false,"_monsterinsights_sitenote_note":"","_monsterinsights_sitenote_category":0,"ngg_post_thumbnail":0},"product_cat":[310,334],"product_tag":[],"class_list":{"0":"post-8322","1":"product","2":"type-product","3":"status-publish","4":"has-post-thumbnail","6":"product_cat-oberflachentechnik","7":"product_cat-sonstige","9":"first","10":"instock","11":"shipping-taxable","12":"product-type-simple"},"_links":{"self":[{"href":"https:\/\/iberus.pl\/index.php?rest_route=\/wp\/v2\/product\/8322"}],"collection":[{"href":"https:\/\/iberus.pl\/index.php?rest_route=\/wp\/v2\/product"}],"about":[{"href":"https:\/\/iberus.pl\/index.php?rest_route=\/wp\/v2\/types\/product"}],"wp:featuredmedia":[{"embeddable":true,"href":"https:\/\/iberus.pl\/index.php?rest_route=\/wp\/v2\/media\/8311"}],"wp:attachment":[{"href":"https:\/\/iberus.pl\/index.php?rest_route=%2Fwp%2Fv2%2Fmedia&parent=8322"}],"wp:term":[{"taxonomy":"product_cat","embeddable":true,"href":"https:\/\/iberus.pl\/index.php?rest_route=%2Fwp%2Fv2%2Fproduct_cat&post=8322"},{"taxonomy":"product_tag","embeddable":true,"href":"https:\/\/iberus.pl\/index.php?rest_route=%2Fwp%2Fv2%2Fproduct_tag&post=8322"}],"curies":[{"name":"wp","href":"https:\/\/api.w.org\/{rel}","templated":true}]}}