{"id":7266,"date":"2016-12-16T12:53:18","date_gmt":"2016-12-16T12:53:18","guid":{"rendered":"http:\/\/gromar.de\/?post_type=product&#038;p=7266"},"modified":"2017-04-22T13:16:05","modified_gmt":"2017-04-22T13:16:05","slug":"hydrauliczna-prasa-do-klejenia-warstwowego-hess-model-lam-presse","status":"publish","type":"product","link":"https:\/\/iberus.pl\/?product=hydrauliczna-prasa-do-klejenia-warstwowego-hess-model-lam-presse","title":{"rendered":"Hydrauliczna prasa do klejenia warstwowego  HESS Model Lam. Presse"},"content":{"rendered":"<table>\n<tbody>\n<tr>\n<td width=\"560\">\n<p>Numer maszyny<\/p>\n<p>Prasa hydrauliczna do klejenia na grubosc<\/p>\n<\/td>\n<td width=\"564\">\n<p>SO 1991 742<\/p>\n<p>kantowki okiennei , drzwiowej, belek ,<\/p>\n<p>czy elementow konstrukcyjnych<\/p>\n<\/td>\n<\/tr>\n<tr>\n<td width=\"560\">\n<p>Dlugosc robocza<\/p>\n<\/td>\n<td width=\"564\">\n<p>4500 mm<\/p>\n<\/td>\n<\/tr>\n<tr>\n<td width=\"560\">\n<p>Wysokosc robocza<\/p>\n<\/td>\n<td width=\"564\">\n<p>1250 mm<\/p>\n<\/td>\n<\/tr>\n<tr>\n<td width=\"560\">\n<p>Szerokosc robocza\u00a0<\/p>\n<\/td>\n<td width=\"564\">\n<p>120 mm<\/p>\n<\/td>\n<\/tr>\n<tr>\n<td width=\"560\">\n<p>Hydrauliczne cylindry pionowe stale<\/p>\n<\/td>\n<td width=\"564\">\n<p>15 szt. &#8211;\u00a0 kazda z dociskaczem<\/p>\n<\/td>\n<\/tr>\n<tr>\n<td width=\"560\">\n<p>Ilosc belek dociskajacych frontalnych<\/p>\n<\/td>\n<td width=\"564\">\n<p>10 szt., kazda z dwoma dociskaczami pneumatycznymi<\/p>\n<\/td>\n<\/tr>\n<tr>\n<td width=\"560\">\n<p>Stanowiska obslugowe\u00a0<\/p>\n<\/td>\n<td width=\"564\">\n<p>5 (sterowanie sekcjami)<\/p>\n<\/td>\n<\/tr>\n<tr>\n<td width=\"560\">\n<p>Sila docisku<\/p>\n<p>Pompa hydrauliczna<\/p>\n<p>Powietrze sprezone<\/p>\n<p>Zasilanie<\/p>\n<\/td>\n<td width=\"564\">\n<p>max 130 bar<\/p>\n<p>1,75 kW<\/p>\n<p>0 \u2013 8bar<\/p>\n<p>380V, 50Hz<\/p>\n<\/td>\n<\/tr>\n<\/tbody>\n<\/table>\n<p><em>\u00a0<\/em><\/p>\n<p><em>(Z zastrze\u017ceniem, pomy\u0142ek, zmian technicznych i wcze\u015bniejszej sprzeda\u017cy)<\/em><\/p>\n","protected":false},"excerpt":{"rendered":"<p>Numer maszyny Prasa hydrauliczna do klejenia na grubosc SO 1991 742 kantowki okiennei , drzwiowej, belek , czy elementow konstrukcyjnych Dlugosc robocza 4500 mm Wysokosc robocza 1250 mm Szerokosc robocza\u00a0 120 mm Hydrauliczne cylindry pionowe stale 15 szt. &#8211;\u00a0 kazda z dociskaczem Ilosc belek dociskajacych frontalnych 10 szt., kazda z dwoma dociskaczami pneumatycznymi Stanowiska obslugowe\u00a0 [&hellip;]<\/p>\n","protected":false},"featured_media":7268,"template":"","meta":{"_monsterinsights_skip_tracking":false,"_monsterinsights_sitenote_active":false,"_monsterinsights_sitenote_note":"","_monsterinsights_sitenote_category":0,"ngg_post_thumbnail":0},"product_cat":[338],"product_tag":[],"class_list":{"0":"post-7266","1":"product","2":"type-product","3":"status-publish","4":"has-post-thumbnail","6":"product_cat-sprzedane","8":"first","9":"instock","10":"shipping-taxable","11":"product-type-simple"},"_links":{"self":[{"href":"https:\/\/iberus.pl\/index.php?rest_route=\/wp\/v2\/product\/7266"}],"collection":[{"href":"https:\/\/iberus.pl\/index.php?rest_route=\/wp\/v2\/product"}],"about":[{"href":"https:\/\/iberus.pl\/index.php?rest_route=\/wp\/v2\/types\/product"}],"wp:featuredmedia":[{"embeddable":true,"href":"https:\/\/iberus.pl\/index.php?rest_route=\/wp\/v2\/media\/7268"}],"wp:attachment":[{"href":"https:\/\/iberus.pl\/index.php?rest_route=%2Fwp%2Fv2%2Fmedia&parent=7266"}],"wp:term":[{"taxonomy":"product_cat","embeddable":true,"href":"https:\/\/iberus.pl\/index.php?rest_route=%2Fwp%2Fv2%2Fproduct_cat&post=7266"},{"taxonomy":"product_tag","embeddable":true,"href":"https:\/\/iberus.pl\/index.php?rest_route=%2Fwp%2Fv2%2Fproduct_tag&post=7266"}],"curies":[{"name":"wp","href":"https:\/\/api.w.org\/{rel}","templated":true}]}}