{"id":7256,"date":"2016-12-16T12:49:29","date_gmt":"2016-12-16T12:49:29","guid":{"rendered":"http:\/\/gromar.de\/?post_type=product&#038;p=7256"},"modified":"2017-04-22T13:18:42","modified_gmt":"2017-04-22T13:18:42","slug":"prasa-do-klejonki-stromab-4000-mm","status":"publish","type":"product","link":"https:\/\/iberus.pl\/?product=prasa-do-klejonki-stromab-4000-mm","title":{"rendered":"Prasa do klejonki STROMAB 4000 mm"},"content":{"rendered":"<p><strong>Hydrauliczna prasa do klejenia warstwowego STROMAB<\/strong><\/p>\n<p>&nbsp;<\/p>\n<table>\n<tbody>\n<tr>\n<td width=\"560\">\n<p>Prasa hydrauliczna do klejenia na grubosc<\/p>\n<\/td>\n<td width=\"564\">\n<p>kantowki okiennei , drzwiowej, belek ,<\/p>\n<p>czy elementow konstrukcyjnych<\/p>\n<\/td>\n<\/tr>\n<tr>\n<td width=\"560\">\n<p>Dlugosc robocza<\/p>\n<\/td>\n<td width=\"564\">\n<p>4000 mm<\/p>\n<\/td>\n<\/tr>\n<tr>\n<td width=\"560\">\n<p>Wysokosc robocza<\/p>\n<\/td>\n<td width=\"564\">\n<p>1250 mm<\/p>\n<\/td>\n<\/tr>\n<tr>\n<td width=\"560\">\n<p>Szerokosc robocza\u00a0<\/p>\n<\/td>\n<td width=\"564\">\n<p>max 200 mm<\/p>\n<\/td>\n<\/tr>\n<tr>\n<td width=\"560\">\n<p>Hydrauliczne cylindry pionowe ruchome wraz z calymi belkami<\/p>\n<\/td>\n<td width=\"564\">\n<p>8 szt. kazdy z dociskaczem<\/p>\n<\/td>\n<\/tr>\n<tr>\n<td width=\"560\">\n<p>Ilosc belek dociskajacych frontalnych<\/p>\n<\/td>\n<td width=\"564\">\n<p>4 szt., &#8211;\u00a0 kazda z listwa dociskajaca pneumatyczna<\/p>\n<\/td>\n<\/tr>\n<tr>\n<td width=\"560\">\n<p>Obsluga<\/p>\n<\/td>\n<td width=\"564\">\n<p>poprzez wlaczniki na wtyczce<\/p>\n<\/td>\n<\/tr>\n<tr>\n<td width=\"560\">\n<p>Pompa hydrauliczna<\/p>\n<\/td>\n<td width=\"564\">\n<p>1,75 kW, cisnienie docisku max ok. 80 bar<\/p>\n<\/td>\n<\/tr>\n<tr>\n<td width=\"560\">\n<p>Powietrze sprezone<\/p>\n<\/td>\n<td width=\"564\">\n<p>0 \u2013 8bar<\/p>\n<\/td>\n<\/tr>\n<tr>\n<td width=\"560\">\n<p>Zasilanie<\/p>\n<\/td>\n<td width=\"564\">\n<p>380V, 50Hz<\/p>\n<\/td>\n<\/tr>\n<\/tbody>\n<\/table>\n<p><em>\u00a0<\/em><\/p>\n<p><em>(Z zastrze\u017ceniem, pomy\u0142ek, zmian technicznych i wcze\u015bniejszej sprzeda\u017cy)<\/em><\/p>\n","protected":false},"excerpt":{"rendered":"<p>Hydrauliczna prasa do klejenia warstwowego STROMAB &nbsp; Prasa hydrauliczna do klejenia na grubosc kantowki okiennei , drzwiowej, belek , czy elementow konstrukcyjnych Dlugosc robocza 4000 mm Wysokosc robocza 1250 mm Szerokosc robocza\u00a0 max 200 mm Hydrauliczne cylindry pionowe ruchome wraz z calymi belkami 8 szt. kazdy z dociskaczem Ilosc belek dociskajacych frontalnych 4 szt., &#8211;\u00a0 [&hellip;]<\/p>\n","protected":false},"featured_media":7258,"template":"","meta":{"_monsterinsights_skip_tracking":false,"_monsterinsights_sitenote_active":false,"_monsterinsights_sitenote_note":"","_monsterinsights_sitenote_category":0,"ngg_post_thumbnail":0},"product_cat":[338],"product_tag":[],"class_list":{"0":"post-7256","1":"product","2":"type-product","3":"status-publish","4":"has-post-thumbnail","6":"product_cat-sprzedane","8":"first","9":"instock","10":"downloadable","11":"shipping-taxable","12":"product-type-simple"},"_links":{"self":[{"href":"https:\/\/iberus.pl\/index.php?rest_route=\/wp\/v2\/product\/7256"}],"collection":[{"href":"https:\/\/iberus.pl\/index.php?rest_route=\/wp\/v2\/product"}],"about":[{"href":"https:\/\/iberus.pl\/index.php?rest_route=\/wp\/v2\/types\/product"}],"wp:featuredmedia":[{"embeddable":true,"href":"https:\/\/iberus.pl\/index.php?rest_route=\/wp\/v2\/media\/7258"}],"wp:attachment":[{"href":"https:\/\/iberus.pl\/index.php?rest_route=%2Fwp%2Fv2%2Fmedia&parent=7256"}],"wp:term":[{"taxonomy":"product_cat","embeddable":true,"href":"https:\/\/iberus.pl\/index.php?rest_route=%2Fwp%2Fv2%2Fproduct_cat&post=7256"},{"taxonomy":"product_tag","embeddable":true,"href":"https:\/\/iberus.pl\/index.php?rest_route=%2Fwp%2Fv2%2Fproduct_tag&post=7256"}],"curies":[{"name":"wp","href":"https:\/\/api.w.org\/{rel}","templated":true}]}}