{"id":7039,"date":"2016-11-20T21:18:22","date_gmt":"2016-11-20T21:18:22","guid":{"rendered":"http:\/\/gromar.de\/?product=breitbandschleifmaschine-scm-sandya-20-s-mit-querschleifaggregat"},"modified":"2017-04-13T08:19:21","modified_gmt":"2017-04-13T08:19:21","slug":"breitbandschleifmaschine-scm-sandya-20-s-mit-querschleifaggregat","status":"publish","type":"product","link":"https:\/\/iberus.pl\/?product=breitbandschleifmaschine-scm-sandya-20-s-mit-querschleifaggregat","title":{"rendered":"Breitbandschleifmaschine SCM Sandya 20 S mit Querschleifaggregat"},"content":{"rendered":"<h5><em><iframe loading=\"lazy\" src=\"\/\/www.youtube.com\/embed\/AHW2lBdTXtY\" width=\"560\" height=\"314\" allowfullscreen=\"allowfullscreen\"><\/iframe><\/em><\/h5>\n<h5><span style=\"color: #ff0000;\">Die Maschine ist mit oder ohne Absauganlage verf\u00fcgbar.<\/span><\/h5>\n<h5><em>geeignet f\u00fcr Lackschliff, Furnierschliff, leichte Kalibrierschliff<\/em><\/h5>\n<table>\n<tbody>\n<tr>\n<td width=\"541\">\n<p>Maschine-Nr.:<\/p>\n<\/td>\n<td width=\"691\">\n<p>AE\/028165<\/p>\n<\/td>\n<\/tr>\n<tr>\n<td width=\"541\">\n<p>Betriebsstunden<\/p>\n<\/td>\n<td width=\"691\">\n<p>ca. 5000<\/p>\n<\/td>\n<\/tr>\n<tr>\n<td width=\"541\">\n<p>Schleifbreite<\/p>\n<\/td>\n<td width=\"691\">\n<p>1350 mm<\/p>\n<\/td>\n<\/tr>\n<tr>\n<td width=\"541\">\n<p>Werkst\u00fcckst\u00e4rke max.<\/p>\n<\/td>\n<td width=\"691\">\n<p>4-170 mm<\/p>\n<\/td>\n<\/tr>\n<tr>\n<td width=\"541\">\n<p>Elektronisch gesteuertes, segmentiertes Druckbalkensystem f\u00fcr je Schleifaggregat<\/p>\n<\/td>\n<td width=\"691\">\n<p>&#8211; 46 Segmente mit einer Breite von 30 mm,<\/p>\n<p>&#8211; automatische Anpassung der Segmente an die Werkst\u00fcckoberfl\u00e4che<\/p>\n<p>&#8211; bis zu 2 mm Toleranzausgleich , (\u00b11 mm auf der Bearbeitungslinie)<\/p>\n<p>&#8211; einstellbarem Druck ,<\/p>\n<p>&#8211; linke und rechte Segmentsteuerung,<\/p>\n<\/td>\n<\/tr>\n<tr>\n<td width=\"541\">\n<p><strong><u>Anordnung der Aggregate:<\/u><\/strong><\/p>\n<\/td>\n<td width=\"691\">\n<p>Quer\/ L\u00e4ngs\/ L\u00e4ngs \/ Schwabbelaggregat,<\/p>\n<\/td>\n<\/tr>\n<tr>\n<td width=\"541\">\n<p>1. Querschleifaggregat XC46<\/p>\n<p>&nbsp;<\/p>\n<\/td>\n<td width=\"691\">\n<p>Schleifbandabmessung: 5.500 x 150 mm<\/p>\n<p>Antriebsleistung: \u00a015 kW, Bandgeschwindigkeit 5,5 -11-22m\/sec.<\/p>\n<p>Verschlie\u00dffreie Bremseinrichtung<\/p>\n<p>Einschlie\u00dflich Logic 50 Basissteuerungssystem f\u00fcr sektionierte Schuhe<\/p>\n<\/td>\n<\/tr>\n<tr>\n<td width=\"541\">\n<p>2. Kombiniert &#8211; L\u00e4ngsschleifaggregat,<\/p>\n<\/td>\n<td width=\"691\">\n<p>45 Shore Gummirolle CR45, Durchmesser 175mm mit elektronisch gesteuerte Schuhe Typ TSE 46 &#8211; H\u00e4rte 0,68.<\/p>\n<p>Antriebsleistung: Frequenz mit 18,5kW Motor. Einstellen der Bandgeschwindigkeit zwischen 3 \u2013 18m\/sec.<\/p>\n<p>Schleifbandabmessung: \u00a02.620 x 1370 mm,<\/p>\n<p>pneumatische Bandspannung, intermittierend Bandabstrahleinrichtung,<\/p>\n<p>automatische Infrarot-Bandsteuerung, Bandoszillation 100 mm bei entsprechender Schleifbandbreite, Schleifband im Gegenlauf,<\/p>\n<\/td>\n<\/tr>\n<tr>\n<td width=\"541\">\n<p>3. L\u00e4ngsschleifaggregat<\/p>\n<\/td>\n<td width=\"691\">\n<p>elektronisch gesteuerter Schuhaggregat Typ TSE 46 &#8211; H\u00e4rte 0,68.<\/p>\n<p>Antriebsleistung: Frequenz mit 15kW Motor. Einstellen der Bandgeschwindigkeit zwischen 3 \u2013 18m\/sec.<\/p>\n<p>Schleifbandabmessung:\u00a0 2.620 x 1370 mm<\/p>\n<p>Verschlei\u00dffreie Bremseinrichtung, pneumatische Bandspannung, intermittierend Bandabstrahleinrichtung,<\/p>\n<p>automatische Infrarot-Bandsteuerung, Bandoszillation 100 mm bei entsprechender Schleifbandbreite, Schleifband im Gegenlauf,<\/p>\n<\/td>\n<\/tr>\n<tr>\n<td width=\"541\">\n<p>4. Schwabbelaggregat \u00a0Type GSO\/200 mit elektromechanische Oszillation<\/p>\n<\/td>\n<td width=\"691\">\n<p>Durchmesser: 200 mm, Antriebsleistung: 2,2 kW, exzentrische Verstellung der Rolle, Gummidruckwalze an der Ausgangsseite<\/p>\n<\/td>\n<\/tr>\n<tr>\n<td width=\"541\">\n<p>Elektronische Arbeitstischpositionierung.<\/p>\n<\/td>\n<td width=\"691\">\n<p>Elektronischer Sensor zur Messung der Werkst\u00fcckdicke<\/p>\n<\/td>\n<\/tr>\n<tr>\n<td width=\"541\">\n<p>Ein- und Auslaufwalzenverl\u00e4ngerungen<\/p>\n<\/td>\n<td width=\"691\">\n<p>f\u00fcr lange Werkst\u00fccke<\/p>\n<\/td>\n<\/tr>\n<tr>\n<td width=\"541\">\n<p>Transportband mit Vakuum<\/p>\n<\/td>\n<td width=\"691\">\n<p>Ventilator\u00a0 5,5 kW<\/p>\n<\/td>\n<\/tr>\n<tr>\n<td width=\"541\">\n<p>Vorschubgeschwindigkeit<\/p>\n<\/td>\n<td width=\"691\">\n<p>3,5 \u2013 18 m\/min<\/p>\n<\/td>\n<\/tr>\n<tr>\n<td width=\"541\">\n<p>Vorschubmotor \u00a0<\/p>\n<\/td>\n<td width=\"691\">\n<p>2,2 \u00a0kW<\/p>\n<\/td>\n<\/tr>\n<tr>\n<td width=\"541\">\n<p>\u201eTouch Screen\u201c &#8211; Bedienterminal<\/p>\n<p>&nbsp;<\/p>\n<\/td>\n<td width=\"691\">\n<p>LCD 5,7\u201c &#8211; Farbe Bildschirm, Interaktive grafische Bedienung der Maschine. Die Programmierung der segmentiertes Druckbalkensystem.<\/p>\n<p>Inkl. St\u00f6rquellen-, Werkst\u00fcckdurchlauf- und Vorschubgeschwindigkeitsanzeige, Eingabe der Werkst\u00fcckst\u00e4rke im Terminal.<\/p>\n<\/td>\n<\/tr>\n<tr>\n<td width=\"541\">\n<p>Programmspeicher f\u00fcr max. 120 Programme<\/p>\n<\/td>\n<td width=\"691\">\n<p>Werte schleifbeginn, schleifende, Schleifkantenintensit\u00e4t wird gespeichert und nach Wahl des Programmes automatisch eingestellt.<\/p>\n<\/td>\n<\/tr>\n<tr>\n<td width=\"541\">\n<p>Bedienungsseite und Bandauflage<\/p>\n<\/td>\n<td width=\"691\">\n<p>Rechts<\/p>\n<\/td>\n<\/tr>\n<tr>\n<td width=\"541\">\n<p>Gesamtanschlusswert<\/p>\n<\/td>\n<td width=\"691\">\n<p>ca. 58 kW<\/p>\n<\/td>\n<\/tr>\n<tr>\n<td width=\"541\">\n<p>Geeignet<\/p>\n<\/td>\n<td width=\"691\">\n<p>Furnierschliff, leichte Kalibrierschliff<\/p>\n<\/td>\n<\/tr>\n<tr>\n<td width=\"541\">\n<p>Gewicht<\/p>\n<\/td>\n<td width=\"691\">\n<p>3.700 kg<\/p>\n<\/td>\n<\/tr>\n<\/tbody>\n<\/table>\n<p>&nbsp;<\/p>\n<p><em>(\u00c4nderungen und Irrt\u00fcmer in den technischen Daten sowie Zwischenverkauf vorbehalten)<\/em><\/p>\n<p>&nbsp;<\/p>\n<p>&nbsp;<\/p>\n","protected":false},"excerpt":{"rendered":"<p>Die Maschine ist mit oder ohne Absauganlage verf\u00fcgbar. geeignet f\u00fcr Lackschliff, Furnierschliff, leichte Kalibrierschliff Maschine-Nr.: AE\/028165 Betriebsstunden ca. 5000 Schleifbreite 1350 mm Werkst\u00fcckst\u00e4rke max. 4-170 mm Elektronisch gesteuertes, segmentiertes Druckbalkensystem f\u00fcr je Schleifaggregat &#8211; 46 Segmente mit einer Breite von 30 mm, &#8211; automatische Anpassung der Segmente an die Werkst\u00fcckoberfl\u00e4che &#8211; bis zu 2 mm [&hellip;]<\/p>\n","protected":false},"featured_media":7026,"template":"","meta":{"_monsterinsights_skip_tracking":false,"_monsterinsights_sitenote_active":false,"_monsterinsights_sitenote_note":"","_monsterinsights_sitenote_category":0,"ngg_post_thumbnail":0},"product_cat":[340],"product_tag":[],"class_list":{"0":"post-7039","1":"product","2":"type-product","3":"status-publish","4":"has-post-thumbnail","6":"product_cat-verkauft","8":"first","9":"instock","10":"shipping-taxable","11":"product-type-simple"},"_links":{"self":[{"href":"https:\/\/iberus.pl\/index.php?rest_route=\/wp\/v2\/product\/7039"}],"collection":[{"href":"https:\/\/iberus.pl\/index.php?rest_route=\/wp\/v2\/product"}],"about":[{"href":"https:\/\/iberus.pl\/index.php?rest_route=\/wp\/v2\/types\/product"}],"wp:featuredmedia":[{"embeddable":true,"href":"https:\/\/iberus.pl\/index.php?rest_route=\/wp\/v2\/media\/7026"}],"wp:attachment":[{"href":"https:\/\/iberus.pl\/index.php?rest_route=%2Fwp%2Fv2%2Fmedia&parent=7039"}],"wp:term":[{"taxonomy":"product_cat","embeddable":true,"href":"https:\/\/iberus.pl\/index.php?rest_route=%2Fwp%2Fv2%2Fproduct_cat&post=7039"},{"taxonomy":"product_tag","embeddable":true,"href":"https:\/\/iberus.pl\/index.php?rest_route=%2Fwp%2Fv2%2Fproduct_tag&post=7039"}],"curies":[{"name":"wp","href":"https:\/\/api.w.org\/{rel}","templated":true}]}}