{"id":7004,"date":"2016-11-16T11:44:34","date_gmt":"2016-11-16T11:44:34","guid":{"rendered":"http:\/\/gromar.de\/?post_type=product&#038;p=7004"},"modified":"2017-02-26T12:11:20","modified_gmt":"2017-02-26T12:11:20","slug":"szlifierka-szerokotasmowa-scm-sandya-20-s-pod-wysoki-polysk","status":"publish","type":"product","link":"https:\/\/iberus.pl\/?product=szlifierka-szerokotasmowa-scm-sandya-20-s-pod-wysoki-polysk","title":{"rendered":"Szlifierka szerokotasmowa SCM Model: Sandya 20 S (wysoki polysk, fornir)"},"content":{"rendered":"<div class='avia-iframe-wrap'><iframe loading=\"lazy\" width=\"1500\" height=\"844\" src=\"https:\/\/www.youtube.com\/embed\/AHW2lBdTXtY?feature=oembed\" frameborder=\"0\" gesture=\"media\" allow=\"encrypted-media\" allowfullscreen><\/iframe><\/div>\n<p><span style=\"color: #ff0000;\">Maszyna dostepna z lub bez system filtracji i odciagu widocznym na zdjeciach.<\/span><\/p>\n<p><em>przeznaczona do precyzyjnego szlifowania lakieru, forniru i lekkiej kalibracji.<\/em><\/p>\n<p>&nbsp;<\/p>\n<table>\n<tbody>\n<tr>\n<td width=\"560\">\n<p>Numer maszyny<\/p>\n<\/td>\n<td width=\"672\">\n<p>AE\/028165<\/p>\n<\/td>\n<\/tr>\n<tr>\n<td width=\"560\">\n<p>Ilosc przepracowanych godzin<\/p>\n<\/td>\n<td width=\"672\">\n<p>ok. 5500<\/p>\n<\/td>\n<\/tr>\n<tr>\n<td width=\"560\">\n<p>Szerokosc szlifowania<\/p>\n<\/td>\n<td width=\"672\">\n<p>1350 mm<\/p>\n<\/td>\n<\/tr>\n<tr>\n<td width=\"560\">\n<p>Max. grubosc obrobcza<\/p>\n<\/td>\n<td width=\"672\">\n<p>4-170 mm<\/p>\n<\/td>\n<\/tr>\n<tr>\n<td width=\"560\">\n<p>Elektronicznie sterowany system docisku stop-trzewika dla kazdego agregatu.<\/p>\n<\/td>\n<td width=\"672\">\n<p>&#8211; 46 segmentow w odstepie 30 mm,<\/p>\n<p>&#8211; automatyczne dopasowanie sie segmentow do obrabianego materialu<\/p>\n<p>&#8211; tolerancja do 2 mm, (\u00b1 1 mm na lini szlifowania)<\/p>\n<p>&#8211; dopasowane cisnienie,<\/p>\n<\/td>\n<\/tr>\n<tr>\n<td width=\"560\">\n<p><strong>Uklad Agregatow:<\/strong><\/p>\n<\/td>\n<td width=\"672\">\n<p>poprzeczny, wzdluzny, wzdluzny, polerka<\/p>\n<\/td>\n<\/tr>\n<tr>\n<td width=\"560\">\n<p>1. Agregat poprzeczny XC46<\/p>\n<\/td>\n<td width=\"672\">\n<p>silnik o mocy 15 kW; predkosc tasmy 5,5 -11-22m \/ sec<\/p>\n<p>Wymiar tasmy szlifujacej 5500&#215;150 mm<\/p>\n<p>Bezawaryjne hamowanie<\/p>\n<p>Pneumatyczne\u00a0 napinanie tasmy<\/p>\n<p>Incl. Logic 50 basic control system dla sekwencyjnego trzewika<\/p>\n<\/td>\n<\/tr>\n<tr>\n<td width=\"560\">\n<p>2. Agregat wzdluzny \u201ekombi\u201d CS<\/p>\n<\/td>\n<td width=\"672\">\n<p>TSE 46 &#8211; Walec gumowy \u201emiekki\u201d 45SH + elektronicznie sterowany trzewik TSE 46, srednica walca 175mm.<\/p>\n<p>Moc silnika 18,5 kW.<\/p>\n<p>Predkosc tasmy 3 &#8211; 18m \/ sec (falownik)<\/p>\n<p>Wymiar tasmy szlifujacej 2620 x 1370 mm<\/p>\n<p>Bezawaryjne hamowanie, napinanie tasmy pneumatyczne, system oczyszczania tasmy<\/p>\n<p>szlifujacej, tasma szlifujaca z oscylacja 100 mm,<\/p>\n<p>obrot rownolegly i przeciwbiezny\u00a0<\/p>\n<p>Agregat przeznaczony do\u00a0 lekkiej kalibracji<\/p>\n<\/td>\n<\/tr>\n<tr>\n<td width=\"560\">\n<p>3. Agregat wzdluzny trzewik<\/p>\n<\/td>\n<td width=\"672\">\n<p>Elektronicznie sterowany trzewik TSE 46.<\/p>\n<p>Predkosc tasmy 3 &#8211; 18m \/ sec (falownik).<\/p>\n<p>Moc silnika 15 kW;<\/p>\n<p>Predkosc tasmy 10+20\u00a0 m\/sek<\/p>\n<p>Wymiar tasmy szlifujacej 2620&#215;1370 mm<\/p>\n<p>Bezawaryjne hamowanie, napinanie tasmy pneumatyczne, system oczyszczania tasmy<\/p>\n<p>szlifujacej, tasma szlifujaca z oscylacja 100 mm,<\/p>\n<\/td>\n<\/tr>\n<tr>\n<td width=\"560\">\n<p>4. Polerka (filc) typ GSO \/ 200 z elektromechaniczna oscylacja<\/p>\n<\/td>\n<td width=\"672\">\n<p>\u015arednica: 200 mm, moc nap\u0119du: 2,2 kW, ekscentryczna regulacja wa\u0142ka, gumowa rolka dociskowa na wyjsciu.<\/p>\n<\/td>\n<\/tr>\n<tr>\n<td width=\"560\">\n<p>Stol rolkowy na wejsciu i wyjsciu<\/p>\n<\/td>\n<td width=\"672\">\n<p>dla dluzszych elementow obrobczych<\/p>\n<\/td>\n<\/tr>\n<tr>\n<td width=\"560\">\n<p><strong>Stol z transporterem Vakuum<\/strong><\/p>\n<\/td>\n<td width=\"672\">\n<p>wentylator o mocy 5,5 kW<\/p>\n<\/td>\n<\/tr>\n<tr>\n<td width=\"560\">\n<p>Naped posuwu<\/p>\n<\/td>\n<td width=\"672\">\n<p>2,2 kW<\/p>\n<\/td>\n<\/tr>\n<tr>\n<td width=\"560\">\n<p>Predkosc posuwu<\/p>\n<\/td>\n<td width=\"672\">\n<p>3,5 \u2013 18 m\/min<\/p>\n<\/td>\n<\/tr>\n<tr>\n<td width=\"560\">\n<p>Elektroniczny pomiar grubosci materialu szlifowanego<\/p>\n<\/td>\n<td width=\"672\">\n<p>Sensor pomiarowy na wejsciu<\/p>\n<\/td>\n<\/tr>\n<tr>\n<td width=\"560\">\n<p>Kolorowy wyswietlacz sterujacy \u201etouch screen\u201d \u00a0LOGIC TS<\/p>\n<\/td>\n<td width=\"672\">\n<p>Ekran dotykowy 5,7\u201d, ustawienia wartosci obrobczych, przejacia materialu, predkosci posuwu, zuzycia tasmy.<\/p>\n<\/td>\n<\/tr>\n<tr>\n<td width=\"560\">\n<p>Pamiec 120 programow<\/p>\n<\/td>\n<td width=\"672\">\n<p>&nbsp;<\/p>\n<\/td>\n<\/tr>\n<tr>\n<td width=\"560\">\n<p>Calkowita moc przylaczowa<\/p>\n<\/td>\n<td width=\"672\">\n<p>ok. 58 kW<\/p>\n<\/td>\n<\/tr>\n<tr>\n<td width=\"560\">\n<p>Strona uzytkowa, wymiany tasm szlifuj\u0105cych<\/p>\n<\/td>\n<td width=\"672\">\n<p>prawa<\/p>\n<\/td>\n<\/tr>\n<tr>\n<td width=\"560\">\n<p>Zastosowanie<\/p>\n<\/td>\n<td width=\"672\">\n<p>szlifowanie plyt lakierowanych \u2013 wysoki polysk, MDF, forniru, drewna, lekka kalibracja<\/p>\n<\/td>\n<\/tr>\n<tr>\n<td width=\"560\">\n<p><strong>Stan techniczny <\/strong><\/p>\n<\/td>\n<td width=\"672\">\n<p>Stan techniczny perfekcyjny, regularnie serwisowana<\/p>\n<\/td>\n<\/tr>\n<tr>\n<td width=\"560\">\n<p>Ciezar<\/p>\n<\/td>\n<td width=\"672\">\n<p>3700 kg + wentylator vakuum 200kg<\/p>\n<\/td>\n<\/tr>\n<\/tbody>\n<\/table>\n<p>&nbsp;<\/p>\n<p><em>(Z zastrze\u017ceniem, pomy\u0142ek, zmian technicznych i wcze\u015bniejszej sprzeda\u017cy)<\/em><\/p>\n","protected":false},"excerpt":{"rendered":"<p>Maszyna dostepna z lub bez system filtracji i odciagu widocznym na zdjeciach. przeznaczona do precyzyjnego szlifowania lakieru, forniru i lekkiej kalibracji. &nbsp; Numer maszyny AE\/028165 Ilosc przepracowanych godzin ok. 5500 Szerokosc szlifowania 1350 mm Max. grubosc obrobcza 4-170 mm Elektronicznie sterowany system docisku stop-trzewika dla kazdego agregatu. &#8211; 46 segmentow w odstepie 30 mm, &#8211; [&hellip;]<\/p>\n","protected":false},"featured_media":7026,"template":"","meta":{"_monsterinsights_skip_tracking":false,"_monsterinsights_sitenote_active":false,"_monsterinsights_sitenote_note":"","_monsterinsights_sitenote_category":0,"ngg_post_thumbnail":0},"product_cat":[338],"product_tag":[],"class_list":{"0":"post-7004","1":"product","2":"type-product","3":"status-publish","4":"has-post-thumbnail","6":"product_cat-sprzedane","8":"first","9":"instock","10":"shipping-taxable","11":"product-type-simple"},"_links":{"self":[{"href":"https:\/\/iberus.pl\/index.php?rest_route=\/wp\/v2\/product\/7004"}],"collection":[{"href":"https:\/\/iberus.pl\/index.php?rest_route=\/wp\/v2\/product"}],"about":[{"href":"https:\/\/iberus.pl\/index.php?rest_route=\/wp\/v2\/types\/product"}],"wp:featuredmedia":[{"embeddable":true,"href":"https:\/\/iberus.pl\/index.php?rest_route=\/wp\/v2\/media\/7026"}],"wp:attachment":[{"href":"https:\/\/iberus.pl\/index.php?rest_route=%2Fwp%2Fv2%2Fmedia&parent=7004"}],"wp:term":[{"taxonomy":"product_cat","embeddable":true,"href":"https:\/\/iberus.pl\/index.php?rest_route=%2Fwp%2Fv2%2Fproduct_cat&post=7004"},{"taxonomy":"product_tag","embeddable":true,"href":"https:\/\/iberus.pl\/index.php?rest_route=%2Fwp%2Fv2%2Fproduct_tag&post=7004"}],"curies":[{"name":"wp","href":"https:\/\/api.w.org\/{rel}","templated":true}]}}