{"id":6858,"date":"2016-09-21T19:12:58","date_gmt":"2016-09-21T19:12:58","guid":{"rendered":"http:\/\/gromar.de\/?product=kabina-lakiernicza-do-krawedzi-venjakob-typ-tksm"},"modified":"2017-08-15T12:37:34","modified_gmt":"2017-08-15T12:37:34","slug":"kabina-lakiernicza-do-krawedzi-venjakob-typ-tksm","status":"publish","type":"product","link":"https:\/\/iberus.pl\/?product=kabina-lakiernicza-do-krawedzi-venjakob-typ-tksm","title":{"rendered":"Kabina lakiernicza do kraw\u0119dzi Venjakob Typ: TKSM"},"content":{"rendered":"<table>\n<tbody>\n<tr>\n<td width=\"210\">\n<p>Numer maszyny<\/p>\n<\/td>\n<td width=\"263\">\n<p>A9607000\/610<\/p>\n<\/td>\n<\/tr>\n<tr>\n<td width=\"210\">\n<p>Szerokosc robocza<\/p>\n<\/td>\n<td width=\"263\">\n<p>30 &#8211; 1300 mm<\/p>\n<\/td>\n<\/tr>\n<tr>\n<td width=\"210\">\n<p>Wysokosc robocza<\/p>\n<\/td>\n<td width=\"263\">\n<p>900 mm konstant<\/p>\n<\/td>\n<\/tr>\n<tr>\n<td width=\"210\">\n<p>Grubosc obrabianego materialu<\/p>\n<\/td>\n<td width=\"263\">\n<p>3-140 mm<\/p>\n<\/td>\n<\/tr>\n<tr>\n<td width=\"210\">\n<p>Ramiona pistoletow<\/p>\n<\/td>\n<td width=\"263\">\n<p>Lewy, prawy \u2013 szerokosc robocza przestawna automatycznie<\/p>\n<\/td>\n<\/tr>\n<tr>\n<td width=\"210\">\n<p>Ilosc pistoletow<\/p>\n<\/td>\n<td width=\"263\">\n<p>2&#215;2<\/p>\n<\/td>\n<\/tr>\n<tr>\n<td width=\"210\">\n<p>Pompa<\/p>\n<\/td>\n<td width=\"263\">\n<p>1<\/p>\n<\/td>\n<\/tr>\n<tr>\n<td width=\"210\">\n<p>Predkosc transportera<\/p>\n<\/td>\n<td width=\"263\">\n<p>15m\/min<\/p>\n<\/td>\n<\/tr>\n<tr>\n<td width=\"210\">\n<p>Zastosowanie do lakierowania krawedzi<\/p>\n<\/td>\n<td width=\"263\">\n<p>Drzwi, Mebli itp.<\/p>\n<\/td>\n<\/tr>\n<tr>\n<td width=\"210\">\n<p>Miejsce postoju<\/p>\n<\/td>\n<td width=\"263\">\n<p>D-32683 Barntrup<\/p>\n<\/td>\n<\/tr>\n<\/tbody>\n<\/table>\n<p><em>\u00a0<\/em><\/p>\n<p><em>\u00a0(Zmiany i b\u0142\u0119dy w danych technicznych przedmiotem wcze\u015bniejszej sprzeda\u017cy)<\/em><\/p>\n","protected":false},"excerpt":{"rendered":"<p>Numer maszyny A9607000\/610 Szerokosc robocza 30 &#8211; 1300 mm Wysokosc robocza 900 mm konstant Grubosc obrabianego materialu 3-140 mm Ramiona pistoletow Lewy, prawy \u2013 szerokosc robocza przestawna automatycznie Ilosc pistoletow 2&#215;2 Pompa 1 Predkosc transportera 15m\/min Zastosowanie do lakierowania krawedzi Drzwi, Mebli itp. Miejsce postoju D-32683 Barntrup \u00a0 \u00a0(Zmiany i b\u0142\u0119dy w danych technicznych przedmiotem [&hellip;]<\/p>\n","protected":false},"featured_media":6861,"template":"","meta":{"_monsterinsights_skip_tracking":false,"_monsterinsights_sitenote_active":false,"_monsterinsights_sitenote_note":"","_monsterinsights_sitenote_category":0,"ngg_post_thumbnail":0},"product_cat":[338],"product_tag":[],"class_list":{"0":"post-6858","1":"product","2":"type-product","3":"status-publish","4":"has-post-thumbnail","6":"product_cat-sprzedane","8":"first","9":"instock","10":"shipping-taxable","11":"product-type-simple"},"_links":{"self":[{"href":"https:\/\/iberus.pl\/index.php?rest_route=\/wp\/v2\/product\/6858"}],"collection":[{"href":"https:\/\/iberus.pl\/index.php?rest_route=\/wp\/v2\/product"}],"about":[{"href":"https:\/\/iberus.pl\/index.php?rest_route=\/wp\/v2\/types\/product"}],"wp:featuredmedia":[{"embeddable":true,"href":"https:\/\/iberus.pl\/index.php?rest_route=\/wp\/v2\/media\/6861"}],"wp:attachment":[{"href":"https:\/\/iberus.pl\/index.php?rest_route=%2Fwp%2Fv2%2Fmedia&parent=6858"}],"wp:term":[{"taxonomy":"product_cat","embeddable":true,"href":"https:\/\/iberus.pl\/index.php?rest_route=%2Fwp%2Fv2%2Fproduct_cat&post=6858"},{"taxonomy":"product_tag","embeddable":true,"href":"https:\/\/iberus.pl\/index.php?rest_route=%2Fwp%2Fv2%2Fproduct_tag&post=6858"}],"curies":[{"name":"wp","href":"https:\/\/api.w.org\/{rel}","templated":true}]}}