{"id":6306,"date":"2016-06-21T20:13:30","date_gmt":"2016-06-21T20:13:30","guid":{"rendered":"http:\/\/gromar.de\/?post_type=product&#038;p=6306"},"modified":"2016-07-25T10:31:11","modified_gmt":"2016-07-25T10:31:11","slug":"wsrgf","status":"publish","type":"product","link":"https:\/\/iberus.pl\/?product=wsrgf","title":{"rendered":"Odciag trocin z brykieciarka i orurowaniem na hale Schuko, Rok budowy 2004"},"content":{"rendered":"<table>\n<tbody>\n<tr>\n<td width=\"262\">\n<p>Ilosc przepracowanych godzin<\/p>\n<\/td>\n<td width=\"304\">\n<p>1996h<\/p>\n<\/td>\n<\/tr>\n<tr>\n<td width=\"262\">\n<p><strong>Odciag trocin ze zbiornikiem i podawaniem do brykieciarki<\/strong><\/p>\n<\/td>\n<td width=\"304\">\n<p><strong>Schuko Centro<\/strong><\/p>\n<\/td>\n<\/tr>\n<tr>\n<td width=\"262\">\n<p>Powierzchnia filtrow<\/p>\n<\/td>\n<td width=\"304\">\n<p>ok. 74 m\u00b2 (ok. 8000m3\/h)<\/p>\n<\/td>\n<\/tr>\n<tr>\n<td width=\"262\">\n<p>Dlugosc workow<\/p>\n<\/td>\n<td width=\"304\">\n<p>1500mm<\/p>\n<\/td>\n<\/tr>\n<tr>\n<td width=\"262\">\n<p>Srednica workow<\/p>\n<\/td>\n<td width=\"304\">\n<p>150mm<\/p>\n<\/td>\n<\/tr>\n<tr>\n<td width=\"262\">\n<p>Ilosc workow<\/p>\n<\/td>\n<td width=\"304\">\n<p>72 St.<\/p>\n<\/td>\n<\/tr>\n<tr>\n<td width=\"262\">\n<p>Wentylatory \u2013 3 szt.<\/p>\n<\/td>\n<td width=\"304\">\u00a0<\/td>\n<\/tr>\n<tr>\n<td width=\"262\">\n<p>1. Schuko Typ: S250 O\/S2, rok 2014<\/p>\n<\/td>\n<td width=\"304\">\n<p>5,5 kW, Wydajnosc pow. 4626m3\/h<\/p>\n<\/td>\n<\/tr>\n<tr>\n<td width=\"262\">\n<p>2. Sp\u00e4nex<\/p>\n<\/td>\n<td width=\"304\">\n<p>4 kW<\/p>\n<\/td>\n<\/tr>\n<tr>\n<td width=\"262\">\n<p>3. Nieznany producent<\/p>\n<\/td>\n<td width=\"304\">\n<p>2,2 kW<\/p>\n<\/td>\n<\/tr>\n<tr>\n<td width=\"262\">\n<p>\u00a0Orurowanie na hale do poszczeg\u00f3lnych maszyn<\/p>\n<\/td>\n<td width=\"304\">\u00a0<\/td>\n<\/tr>\n<tr>\n<td width=\"262\">\n<p><strong>Brykieciarka<\/strong><\/p>\n<\/td>\n<td width=\"304\">\n<p><strong>Compacto 1100,<\/strong><\/p>\n<\/td>\n<\/tr>\n<tr>\n<td width=\"262\">\n<p>Naped hydrauliczny- obroty<\/p>\n<\/td>\n<td width=\"304\">\n<p>4 kW, 1400 U\/min<\/p>\n<\/td>\n<\/tr>\n<tr>\n<td width=\"262\">\n<p>Wydajnosc brykietu<\/p>\n<\/td>\n<td width=\"304\">\n<p>60 \u2013 75 kg\/h<\/p>\n<\/td>\n<\/tr>\n<tr>\n<td width=\"262\">\n<p>Srednica brykietu<\/p>\n<\/td>\n<td width=\"304\">\n<p>60 mm<\/p>\n<\/td>\n<\/tr>\n<tr>\n<td width=\"262\">\n<p>Przenosnik slimakowy<\/p>\n<\/td>\n<td width=\"304\">\n<p>0,55kW,<\/p>\n<\/td>\n<\/tr>\n<tr>\n<td width=\"262\">\n<p>Waga<\/p>\n<\/td>\n<td width=\"304\">\n<p>ok. 390 kg<\/p>\n<\/td>\n<\/tr>\n<tr>\n<td width=\"262\">\n<p>Miejsce postoju<\/p>\n<\/td>\n<td width=\"304\">\n<p>Hannover<\/p>\n<\/td>\n<\/tr>\n<\/tbody>\n<\/table>\n<p><em>(Z zastrze\u017ceniem, pomy\u0142ek, zmian technicznych i wcze\u015bniejszej sprzeda\u017cy)<\/em><\/p>\n","protected":false},"excerpt":{"rendered":"<p>Ilosc przepracowanych godzin 1996h Odciag trocin ze zbiornikiem i podawaniem do brykieciarki Schuko Centro Powierzchnia filtrow ok. 74 m\u00b2 (ok. 8000m3\/h) Dlugosc workow 1500mm Srednica workow 150mm Ilosc workow 72 St. Wentylatory \u2013 3 szt. \u00a0 1. Schuko Typ: S250 O\/S2, rok 2014 5,5 kW, Wydajnosc pow. 4626m3\/h 2. Sp\u00e4nex 4 kW 3. Nieznany producent [&hellip;]<\/p>\n","protected":false},"featured_media":6331,"template":"","meta":{"_monsterinsights_skip_tracking":false,"_monsterinsights_sitenote_active":false,"_monsterinsights_sitenote_note":"","_monsterinsights_sitenote_category":0,"ngg_post_thumbnail":0},"product_cat":[338],"product_tag":[],"class_list":{"0":"post-6306","1":"product","2":"type-product","3":"status-publish","4":"has-post-thumbnail","6":"product_cat-sprzedane","8":"first","9":"instock","10":"downloadable","11":"shipping-taxable","12":"product-type-simple"},"_links":{"self":[{"href":"https:\/\/iberus.pl\/index.php?rest_route=\/wp\/v2\/product\/6306"}],"collection":[{"href":"https:\/\/iberus.pl\/index.php?rest_route=\/wp\/v2\/product"}],"about":[{"href":"https:\/\/iberus.pl\/index.php?rest_route=\/wp\/v2\/types\/product"}],"wp:featuredmedia":[{"embeddable":true,"href":"https:\/\/iberus.pl\/index.php?rest_route=\/wp\/v2\/media\/6331"}],"wp:attachment":[{"href":"https:\/\/iberus.pl\/index.php?rest_route=%2Fwp%2Fv2%2Fmedia&parent=6306"}],"wp:term":[{"taxonomy":"product_cat","embeddable":true,"href":"https:\/\/iberus.pl\/index.php?rest_route=%2Fwp%2Fv2%2Fproduct_cat&post=6306"},{"taxonomy":"product_tag","embeddable":true,"href":"https:\/\/iberus.pl\/index.php?rest_route=%2Fwp%2Fv2%2Fproduct_tag&post=6306"}],"curies":[{"name":"wp","href":"https:\/\/api.w.org\/{rel}","templated":true}]}}