{"id":6206,"date":"2016-05-27T08:22:49","date_gmt":"2016-05-27T08:22:49","guid":{"rendered":"http:\/\/gromar.de\/?product=pila-panelowa-do-rozkroju-plyty-giben-prismatic"},"modified":"2017-04-10T18:28:29","modified_gmt":"2017-04-10T18:28:29","slug":"pila-panelowa-do-rozkroju-plyty-giben-prismatic","status":"publish","type":"product","link":"https:\/\/iberus.pl\/?product=pila-panelowa-do-rozkroju-plyty-giben-prismatic","title":{"rendered":"Pila panelowa do rozkroju plyt GIBEN, Typ PRISMATIC 2 SP H.100"},"content":{"rendered":"<table border=\"1\" width=\"565\" cellspacing=\"0\" cellpadding=\"7\">\n<colgroup>\n<col width=\"342\" \/>\n<col width=\"194\" \/> <\/colgroup>\n<tbody>\n<tr valign=\"TOP\">\n<td width=\"342\">\n<p lang=\"de-DE\"><span style=\"color: #000000;\"><span style=\"font-family: Arial,sans-serif;\"><span style=\"font-size: small;\">Numer Maszyny <\/span><\/span><\/span><\/p>\n<\/td>\n<td width=\"194\">\n<p lang=\"de-DE\"><span style=\"color: #000000;\"><span style=\"font-family: Arial,sans-serif;\"><span style=\"font-size: small;\">406.99.450<\/span><\/span><\/span><\/p>\n<\/td>\n<\/tr>\n<tr valign=\"TOP\">\n<td width=\"342\">\n<p lang=\"de-DE\"><span style=\"color: #000000;\"><span style=\"font-family: Arial,sans-serif;\"><span style=\"font-size: small;\"><b>Dane techniczne<\/b><\/span><\/span><\/span><\/p>\n<\/td>\n<td width=\"194\">\u00a0<\/td>\n<\/tr>\n<tr valign=\"TOP\">\n<td width=\"342\">\n<p lang=\"de-DE\"><span style=\"color: #000000;\"><span style=\"font-family: Arial,sans-serif;\"><span style=\"font-size: small;\">Dlugosc ciecia <\/span><\/span><\/span><\/p>\n<\/td>\n<td width=\"194\">\n<p lang=\"de-DE\"><span style=\"color: #000000;\"><span style=\"font-family: Arial,sans-serif;\"><span style=\"font-size: small;\">4500 mm <\/span><\/span><\/span><\/p>\n<\/td>\n<\/tr>\n<tr valign=\"TOP\">\n<td width=\"342\">\n<p lang=\"de-DE\"><span style=\"color: #000000;\"><span style=\"font-family: Arial,sans-serif;\"><span style=\"font-size: small;\">Naddatek pily <\/span><\/span><\/span><\/p>\n<\/td>\n<td width=\"194\">\n<p lang=\"de-DE\"><span style=\"color: #000000;\"><span style=\"font-family: Arial,sans-serif;\"><span style=\"font-size: small;\">100 mm <\/span><\/span><\/span><\/p>\n<\/td>\n<\/tr>\n<tr valign=\"TOP\">\n<td width=\"342\">\n<p lang=\"it-IT\"><span style=\"font-size: large;\"><span style=\"color: #000000;\"><span style=\"font-family: Arial,sans-serif;\"><span style=\"font-size: small;\"><span lang=\"de-DE\">Wysokosc rozwarcia chwytakow <\/span><\/span><\/span><\/span><\/span><\/p>\n<\/td>\n<td width=\"194\">\n<p lang=\"de-DE\"><span style=\"color: #000000;\"><span style=\"font-family: Arial,sans-serif;\"><span style=\"font-size: small;\">117 mm <\/span><\/span><\/span><\/p>\n<\/td>\n<\/tr>\n<tr valign=\"TOP\">\n<td width=\"342\">\n<p lang=\"it-IT\"><span style=\"font-size: large;\"><span style=\"color: #000000;\"><span style=\"font-family: Arial,sans-serif;\"><span style=\"font-size: small;\"><span lang=\"de-DE\">1 przykladnica katowa <\/span><\/span><\/span><\/span><\/span><\/p>\n<\/td>\n<td width=\"194\">\n<p lang=\"de-DE\"><span style=\"color: #000000;\"><span style=\"font-family: Arial,sans-serif;\"><span style=\"font-size: small;\">90 Grad<\/span><\/span><\/span><\/p>\n<\/td>\n<\/tr>\n<tr valign=\"TOP\">\n<td width=\"342\">\n<p lang=\"it-IT\"><span style=\"font-size: large;\"><span style=\"color: #000000;\"><span style=\"font-family: Arial,sans-serif;\"><span style=\"font-size: small;\"><span lang=\"de-DE\">4 stoly z poduszkami powietrznymi<\/span><\/span><\/span><\/span><\/span><\/p>\n<\/td>\n<td width=\"194\">\n<p lang=\"de-DE\"><span style=\"color: #000000;\"><span style=\"font-family: Arial,sans-serif;\"><span style=\"font-size: small;\">2000&#215;510 mm<\/span><\/span><\/span><\/p>\n<\/td>\n<\/tr>\n<tr valign=\"TOP\">\n<td width=\"342\">\n<p lang=\"de-DE\"><span style=\"color: #000000;\"><span style=\"font-family: Arial,sans-serif;\"><span style=\"font-size: small;\">1 dmuchawa powietrzna<\/span><\/span><\/span><\/p>\n<\/td>\n<td width=\"194\">\u00a0<\/td>\n<\/tr>\n<tr valign=\"TOP\">\n<td width=\"342\">\n<p lang=\"de-DE\"><span style=\"color: #000000;\"><span style=\"font-family: Arial,sans-serif;\"><span style=\"font-size: small;\"><b>Wozek pily <\/b><\/span><\/span><\/span><\/p>\n<\/td>\n<td width=\"194\">\u00a0<\/td>\n<\/tr>\n<tr valign=\"TOP\">\n<td width=\"342\">\n<p lang=\"de-DE\"><span style=\"color: #000000;\"><span style=\"font-family: Arial,sans-serif;\"><span style=\"font-size: small;\">Predkosc posuwu przod <\/span><\/span><\/span><\/p>\n<\/td>\n<td width=\"194\">\n<p lang=\"de-DE\"><span style=\"color: #000000;\"><span style=\"font-family: Arial,sans-serif;\"><span style=\"font-size: small;\">1-100 m\/min<\/span><\/span><\/span><\/p>\n<\/td>\n<\/tr>\n<tr valign=\"TOP\">\n<td width=\"342\">\n<p lang=\"de-DE\"><span style=\"color: #000000;\"><span style=\"font-family: Arial,sans-serif;\"><span style=\"font-size: small;\">Predkosc posuwu powrot<\/span><\/span><\/span><\/p>\n<\/td>\n<td width=\"194\">\n<p lang=\"de-DE\"><span style=\"color: #000000;\"><span style=\"font-family: Arial,sans-serif;\"><span style=\"font-size: small;\">100 m\/min<\/span><\/span><\/span><\/p>\n<\/td>\n<\/tr>\n<tr valign=\"TOP\">\n<td width=\"342\">\n<p lang=\"de-DE\"><span style=\"color: #000000;\"><span style=\"font-family: Arial,sans-serif;\"><span style=\"font-size: small;\">Moc silnika pily glownej<\/span><\/span><\/span><\/p>\n<\/td>\n<td width=\"194\">\n<p lang=\"de-DE\"><span style=\"color: #000000;\"><span style=\"font-family: Arial,sans-serif;\"><span style=\"font-size: small;\">7,5 kW<\/span><\/span><\/span><\/p>\n<\/td>\n<\/tr>\n<tr valign=\"TOP\">\n<td width=\"342\">\n<p lang=\"de-DE\"><span style=\"color: #000000;\"><span style=\"font-family: Arial,sans-serif;\"><span style=\"font-size: small;\">Liczba obrotow pily <\/span><\/span><\/span><\/p>\n<\/td>\n<td width=\"194\">\n<p lang=\"de-DE\"><span style=\"color: #000000;\"><span style=\"font-family: Arial,sans-serif;\"><span style=\"font-size: small;\">3760 U\/min<\/span><\/span><\/span><\/p>\n<\/td>\n<\/tr>\n<tr valign=\"TOP\">\n<td width=\"342\">\n<p lang=\"de-DE\"><span style=\"color: #000000;\"><span style=\"font-family: Arial,sans-serif;\"><span style=\"font-size: small;\">Serdnica pily <\/span><\/span><\/span><\/p>\n<\/td>\n<td width=\"194\">\n<p lang=\"de-DE\"><span style=\"color: #000000;\"><span style=\"font-family: Arial,sans-serif;\"><span style=\"font-size: small;\">400 mm <\/span><\/span><\/span><\/p>\n<\/td>\n<\/tr>\n<tr valign=\"TOP\">\n<td width=\"342\">\n<p lang=\"it-IT\"><span style=\"font-size: large;\"><span style=\"color: #000000;\"><span style=\"font-family: Arial,sans-serif;\"><span style=\"font-size: small;\"><span lang=\"de-DE\">Srednica wrzeciona pily <\/span><\/span><\/span><\/span><\/span><\/p>\n<\/td>\n<td width=\"194\">\n<p lang=\"de-DE\"><span style=\"color: #000000;\"><span style=\"font-family: Arial,sans-serif;\"><span style=\"font-size: small;\">75 mm<\/span><\/span><\/span><\/p>\n<\/td>\n<\/tr>\n<tr valign=\"TOP\">\n<td width=\"342\">\n<p lang=\"de-DE\"><span style=\"color: #000000;\"><span style=\"font-family: Arial,sans-serif;\"><span style=\"font-size: small;\">Moc silnika podcinaka <\/span><\/span><\/span><\/p>\n<\/td>\n<td width=\"194\">\n<p lang=\"de-DE\"><span style=\"color: #000000;\"><span style=\"font-family: Arial,sans-serif;\"><span style=\"font-size: small;\">2,2 kW<\/span><\/span><\/span><\/p>\n<\/td>\n<\/tr>\n<tr valign=\"TOP\">\n<td width=\"342\">\n<p lang=\"de-DE\"><span style=\"color: #000000;\"><span style=\"font-family: Arial,sans-serif;\"><span style=\"font-size: small;\">Liczba obrotow podcinaka<\/span><\/span><\/span><\/p>\n<\/td>\n<td width=\"194\">\n<p lang=\"de-DE\"><span style=\"color: #000000;\"><span style=\"font-family: Arial,sans-serif;\"><span style=\"font-size: small;\">5035 U\/min<\/span><\/span><\/span><\/p>\n<\/td>\n<\/tr>\n<tr valign=\"TOP\">\n<td width=\"342\">\n<p lang=\"de-DE\"><span style=\"color: #000000;\"><span style=\"font-family: Arial,sans-serif;\"><span style=\"font-size: small;\">Srednica tarczy podcinaka<\/span><\/span><\/span><\/p>\n<\/td>\n<td width=\"194\">\n<p lang=\"de-DE\"><span style=\"color: #000000;\"><span style=\"font-family: Arial,sans-serif;\"><span style=\"font-size: small;\">215 mm <\/span><\/span><\/span><\/p>\n<\/td>\n<\/tr>\n<tr valign=\"TOP\">\n<td width=\"342\">\n<p lang=\"de-DE\"><span style=\"color: #000000;\"><span style=\"font-family: Arial,sans-serif;\"><span style=\"font-size: small;\">Srednica wrzeciona podcinaka <\/span><\/span><\/span><\/p>\n<\/td>\n<td width=\"194\">\n<p lang=\"de-DE\"><span style=\"color: #000000;\"><span style=\"font-family: Arial,sans-serif;\"><span style=\"font-size: small;\">50 mm <\/span><\/span><\/span><\/p>\n<\/td>\n<\/tr>\n<tr valign=\"TOP\">\n<td width=\"342\">\n<p lang=\"de-DE\"><span style=\"color: #000000;\"><span style=\"font-family: Arial,sans-serif;\"><span style=\"font-size: small;\"><b>Belka przesuwu materialu <\/b><\/span><\/span><\/span><\/p>\n<\/td>\n<td width=\"194\">\u00a0<\/td>\n<\/tr>\n<tr valign=\"TOP\">\n<td width=\"342\">\n<p lang=\"de-DE\"><span style=\"color: #000000;\"><span style=\"font-family: Arial,sans-serif;\"><span style=\"font-size: small;\">Zakres przesuwu <\/span><\/span><\/span><\/p>\n<\/td>\n<td width=\"194\">\n<p lang=\"de-DE\"><span style=\"color: #000000;\"><span style=\"font-family: Arial,sans-serif;\"><span style=\"font-size: small;\">7500 mm<\/span><\/span><\/span><\/p>\n<\/td>\n<\/tr>\n<tr valign=\"TOP\">\n<td width=\"342\">\n<p lang=\"de-DE\"><span style=\"color: #000000;\"><span style=\"font-family: Arial,sans-serif;\"><span style=\"font-size: small;\">Predkosc posuwu przod<\/span><\/span><\/span><\/p>\n<\/td>\n<td width=\"194\">\n<p lang=\"de-DE\"><span style=\"color: #000000;\"><span style=\"font-family: Arial,sans-serif;\"><span style=\"font-size: small;\">1-60 m\/ min<\/span><\/span><\/span><\/p>\n<\/td>\n<\/tr>\n<tr valign=\"TOP\">\n<td width=\"342\">\n<p lang=\"de-DE\"><span style=\"color: #000000;\"><span style=\"font-family: Arial,sans-serif;\"><span style=\"font-size: small;\">Predkosc posuwu powrot <\/span><\/span><\/span><\/p>\n<\/td>\n<td width=\"194\">\n<p lang=\"de-DE\"><span style=\"color: #000000;\"><span style=\"font-family: Arial,sans-serif;\"><span style=\"font-size: small;\">60 m \/min <\/span><\/span><\/span><\/p>\n<\/td>\n<\/tr>\n<tr valign=\"TOP\">\n<td width=\"342\">\n<p lang=\"de-DE\"><span style=\"color: #000000;\"><span style=\"font-family: Arial,sans-serif;\"><span style=\"font-size: small;\">Docisk boczny <\/span><\/span><\/span><\/p>\n<\/td>\n<td width=\"194\">\n<p lang=\"de-DE\"><span style=\"color: #000000;\"><span style=\"font-family: Arial,sans-serif;\"><span style=\"font-size: small;\">70-2200 mm<\/span><\/span><\/span><\/p>\n<\/td>\n<\/tr>\n<tr valign=\"TOP\">\n<td width=\"342\">\n<p lang=\"de-DE\"><span style=\"color: #000000;\"><span style=\"font-family: Arial,sans-serif;\"><span style=\"font-size: small;\"><b>Przylaczenie odciagu <\/b><\/span><\/span><\/span><\/p>\n<\/td>\n<td width=\"194\">\u00a0<\/td>\n<\/tr>\n<tr valign=\"TOP\">\n<td width=\"342\">\n<p lang=\"it-IT\"><span style=\"font-size: large;\"><span style=\"color: #000000;\"><span style=\"font-family: Arial,sans-serif;\"><span style=\"font-size: small;\"><span lang=\"de-DE\">2 Krucce na belce dociskajacej <\/span><\/span><\/span><\/span><\/span><\/p>\n<\/td>\n<td width=\"194\">\n<p lang=\"de-DE\"><span style=\"color: #000000;\"><span style=\"font-family: Arial,sans-serif;\"><span style=\"font-size: small;\">115 mm<\/span><\/span><\/span><\/p>\n<\/td>\n<\/tr>\n<tr valign=\"TOP\">\n<td width=\"342\">\n<p lang=\"it-IT\"><span style=\"font-size: large;\"><span style=\"color: #000000;\"><span style=\"font-family: Arial,sans-serif;\"><span style=\"font-size: small;\"><span lang=\"de-DE\">1 Kruciec na dole z boku maszyny <\/span><\/span><\/span><\/span><\/span><\/p>\n<\/td>\n<td width=\"194\">\n<p lang=\"de-DE\"><span style=\"color: #000000;\"><span style=\"font-family: Arial,sans-serif;\"><span style=\"font-size: small;\">200 mm <\/span><\/span><\/span><\/p>\n<\/td>\n<\/tr>\n<tr valign=\"TOP\">\n<td width=\"342\">\n<p lang=\"de-DE\"><span style=\"color: #000000;\"><span style=\"font-family: Arial,sans-serif;\"><span style=\"font-size: small;\"><b>Sterowanie <\/b><\/span><\/span><\/span><\/p>\n<\/td>\n<td width=\"194\">\n<p lang=\"de-DE\"><span style=\"color: #000000;\"><span style=\"font-family: Arial,sans-serif;\"><span style=\"font-size: small;\">G- Drive 2 D<\/span><\/span><\/span><\/p>\n<\/td>\n<\/tr>\n<tr valign=\"TOP\">\n<td width=\"342\">\n<p lang=\"it-IT\"><span style=\"font-size: large;\"><b><span style=\"color: #000000;\"><span style=\"font-family: Arial,sans-serif;\"><span style=\"font-size: small;\"><span lang=\"de-DE\">W wyposazeniu d<\/span><\/span><\/span><\/span><span style=\"font-family: Arial,sans-serif;\"><span style=\"font-size: small;\">rukarka etykiet <\/span><\/span><\/b><\/span><\/p>\n<\/td>\n<td width=\"194\">\n<p lang=\"de-DE\"><span style=\"color: #000000;\"><span style=\"font-family: Arial,sans-serif;\"><span style=\"font-size: small;\">cab Apollo 13 <\/span><\/span><\/span><\/p>\n<\/td>\n<\/tr>\n<tr valign=\"TOP\">\n<td width=\"342\">\n<p lang=\"de-DE\"><span style=\"color: #000000;\"><span style=\"font-family: Arial,sans-serif;\"><span style=\"font-size: small;\">Ciezar <\/span><\/span><\/span><\/p>\n<\/td>\n<td width=\"194\">\n<p lang=\"de-DE\"><span style=\"color: #000000;\"><span style=\"font-family: Arial,sans-serif;\"><span style=\"font-size: small;\">7050 kg <\/span><\/span><\/span><\/p>\n<\/td>\n<\/tr>\n<tr valign=\"TOP\">\n<td width=\"342\">\n<p lang=\"it-IT\"><span style=\"font-size: large;\"><span style=\"color: #000000;\"><span style=\"font-family: Arial,sans-serif;\"><span style=\"font-size: small;\"><span lang=\"de-DE\">Wymiary (L x B )<\/span><\/span><\/span><\/span><\/span><\/p>\n<\/td>\n<td width=\"194\">\n<p lang=\"de-DE\"><span style=\"color: #000000;\"><span style=\"font-family: Arial,sans-serif;\"><span style=\"font-size: small;\">ca. 6400 x 8000 mm<\/span><\/span><\/span><\/p>\n<\/td>\n<\/tr>\n<tr valign=\"TOP\">\n<td width=\"342\">\n<p lang=\"de-DE\"><span style=\"color: #000000;\"><span style=\"font-family: Arial,sans-serif;\"><span style=\"font-size: small;\">Miejsce postoju <\/span><\/span><\/span><\/p>\n<\/td>\n<td width=\"194\">\n<p lang=\"it-IT\"><span style=\"font-size: large;\"><span style=\"color: #000000;\"><span style=\"font-family: Arial,sans-serif;\"><span style=\"font-size: small;\"><span lang=\"de-DE\">D-27283 Verden \/ Germany<br \/>\n<\/span><\/span><\/span><\/span><\/span><\/p>\n<\/td>\n<\/tr>\n<\/tbody>\n<\/table>\n<p lang=\"pl-PL\"><span style=\"color: #000000;\"><span style=\"font-family: Arial,sans-serif;\"><span style=\"font-size: small;\"><i>(Z zastrze\u017ceniem, pomy\u0142ek, zmian technicznych i wcze\u015bniejszej sprzeda\u017cy)<\/i><\/span><\/span><\/span><\/p>\n<p>&nbsp;<\/p>\n","protected":false},"excerpt":{"rendered":"<p>Numer Maszyny 406.99.450 Dane techniczne \u00a0 Dlugosc ciecia 4500 mm Naddatek pily 100 mm Wysokosc rozwarcia chwytakow 117 mm 1 przykladnica katowa 90 Grad 4 stoly z poduszkami powietrznymi 2000&#215;510 mm 1 dmuchawa powietrzna \u00a0 Wozek pily \u00a0 Predkosc posuwu przod 1-100 m\/min Predkosc posuwu powrot 100 m\/min Moc silnika pily glownej 7,5 kW Liczba [&hellip;]<\/p>\n","protected":false},"featured_media":6188,"template":"","meta":{"_monsterinsights_skip_tracking":false,"_monsterinsights_sitenote_active":false,"_monsterinsights_sitenote_note":"","_monsterinsights_sitenote_category":0,"ngg_post_thumbnail":0},"product_cat":[338],"product_tag":[],"class_list":{"0":"post-6206","1":"product","2":"type-product","3":"status-publish","4":"has-post-thumbnail","6":"product_cat-sprzedane","8":"first","9":"instock","10":"downloadable","11":"shipping-taxable","12":"product-type-simple"},"_links":{"self":[{"href":"https:\/\/iberus.pl\/index.php?rest_route=\/wp\/v2\/product\/6206"}],"collection":[{"href":"https:\/\/iberus.pl\/index.php?rest_route=\/wp\/v2\/product"}],"about":[{"href":"https:\/\/iberus.pl\/index.php?rest_route=\/wp\/v2\/types\/product"}],"wp:featuredmedia":[{"embeddable":true,"href":"https:\/\/iberus.pl\/index.php?rest_route=\/wp\/v2\/media\/6188"}],"wp:attachment":[{"href":"https:\/\/iberus.pl\/index.php?rest_route=%2Fwp%2Fv2%2Fmedia&parent=6206"}],"wp:term":[{"taxonomy":"product_cat","embeddable":true,"href":"https:\/\/iberus.pl\/index.php?rest_route=%2Fwp%2Fv2%2Fproduct_cat&post=6206"},{"taxonomy":"product_tag","embeddable":true,"href":"https:\/\/iberus.pl\/index.php?rest_route=%2Fwp%2Fv2%2Fproduct_tag&post=6206"}],"curies":[{"name":"wp","href":"https:\/\/api.w.org\/{rel}","templated":true}]}}