{"id":5776,"date":"2016-02-09T17:28:49","date_gmt":"2016-02-09T17:28:49","guid":{"rendered":"http:\/\/gromar.de\/?post_type=product&#038;p=5776"},"modified":"2017-04-22T13:48:13","modified_gmt":"2017-04-22T13:48:13","slug":"kompletna-kotlownia-piec-na-trociny-mawera-fu3000-rard","status":"publish","type":"product","link":"https:\/\/iberus.pl\/?product=kompletna-kotlownia-piec-na-trociny-mawera-fu3000-rard","title":{"rendered":"Kompletna kotlownia, Piec na trociny Mawera, FU3000 RA\/RD,"},"content":{"rendered":"<table>\n<tbody>\n<tr>\n<td width=\"210\">\n<p>Moc znamionowa max.<\/p>\n<\/td>\n<td colspan=\"2\" width=\"404\">\n<p>3000 kW (2580 kcal\/h)<\/p>\n<\/td>\n<\/tr>\n<tr>\n<td width=\"210\">\n<p>Moc cieplna<\/p>\n<\/td>\n<td colspan=\"2\" width=\"404\">\n<p>3400 kW \/ 3,4 MW<\/p>\n<\/td>\n<\/tr>\n<tr>\n<td width=\"210\">\n<p>Cisnienie robocze<\/p>\n<\/td>\n<td colspan=\"2\" width=\"404\">\n<p>1 bar<\/p>\n<\/td>\n<\/tr>\n<tr>\n<td width=\"210\">\n<p>Temp. goracej wody<\/p>\n<\/td>\n<td colspan=\"2\" width=\"404\">\n<p>95\u00b0C<\/p>\n<\/td>\n<\/tr>\n<tr>\n<td width=\"210\">\n<p>Pojemnosc wody<\/p>\n<\/td>\n<td colspan=\"2\" width=\"404\">\n<p>11.200 Liter<\/p>\n<\/td>\n<\/tr>\n<tr>\n<td width=\"210\">\n<p>Powierzchnia grzewcza<\/p>\n<\/td>\n<td colspan=\"2\" width=\"404\">\n<p>164m2<\/p>\n<\/td>\n<\/tr>\n<tr>\n<td width=\"210\">\n<p>Max przerob paliwa grzewczego<\/p>\n<\/td>\n<td colspan=\"2\" width=\"404\">\n<p>680 kg\/h<\/p>\n<\/td>\n<\/tr>\n<tr>\n<td width=\"210\">\n<p>Piec przystosowany do spalania<\/p>\n<\/td>\n<td colspan=\"2\" width=\"404\">\n<p>trocin i pylu drzewnego<\/p>\n<\/td>\n<\/tr>\n<tr>\n<td width=\"210\">\n<p>Wartosc opalowa usredniona<\/p>\n<\/td>\n<td colspan=\"2\" width=\"404\">\n<p>16 MJ\/kg<\/p>\n<\/td>\n<\/tr>\n<tr>\n<td width=\"210\">\n<p>Wymiary<\/p>\n<\/td>\n<td colspan=\"2\" width=\"404\">\n<p>5670 x 2970 x 4810<\/p>\n<\/td>\n<\/tr>\n<tr>\n<td width=\"210\">\n<p>Waga pieca<\/p>\n<\/td>\n<td colspan=\"2\" width=\"404\">\n<p>20.000 kg<\/p>\n<\/td>\n<\/tr>\n<tr>\n<td width=\"210\">\n<p>Waga komory spalania<\/p>\n<\/td>\n<td colspan=\"2\" width=\"404\">\n<p>6.000 kg<\/p>\n<\/td>\n<\/tr>\n<tr>\n<td width=\"210\">\n<p>Szamot<\/p>\n<\/td>\n<td colspan=\"2\" width=\"404\">\n<p>22.000 kg<\/p>\n<\/td>\n<\/tr>\n<tr>\n<td width=\"210\">\n<p>Gazy wyjsciowe, spaliny<\/p>\n<\/td>\n<td colspan=\"2\" width=\"404\">\n<p>11.570 m3\/h<\/p>\n<\/td>\n<\/tr>\n<tr>\n<td width=\"210\">\n<p>Gazy wylotowe boczne<\/p>\n<\/td>\n<td colspan=\"2\" width=\"404\">\n<p>40 mm\/ws<\/p>\n<\/td>\n<\/tr>\n<tr>\n<td colspan=\"3\" width=\"614\">\n<p>Instalacja w kompelcie z kominem, multicyklonem spalin, pompami, wentylatorami, systemem podawania materialu itp.<\/p>\n<\/td>\n<\/tr>\n<tr>\n<td colspan=\"3\" width=\"614\">\n<p>Sterowanie\u00a0\u00a0\u00a0\u00a0\u00a0\u00a0\u00a0\u00a0\u00a0\u00a0\u00a0\u00a0\u00a0\u00a0\u00a0\u00a0\u00a0\u00a0\u00a0\u00a0\u00a0\u00a0\u00a0\u00a0\u00a0\u00a0\u00a0\u00a0\u00a0\u00a0\u00a0\u00a0\u00a0\u00a0\u00a0<\/p>\n<\/td>\n<\/tr>\n<tr>\n<td colspan=\"2\" width=\"214\">\n<p>Multi-Mikroprocesor-Sterowanie<\/p>\n<\/td>\n<td width=\"400\">\n<p>Maweralogic 500, LCD Display<\/p>\n<\/td>\n<\/tr>\n<tr>\n<td colspan=\"2\" width=\"214\">\n<p>Wymiary szafy ster.<\/p>\n<\/td>\n<td width=\"400\">\n<p>1600x2100x300 mm<\/p>\n<\/td>\n<\/tr>\n<\/tbody>\n<\/table>\n<p><em>(Z zastrze\u017ceniem, pomy\u0142ek, zmian technicznych i wcze\u015bniejszej sprzeda\u017cy)<\/em><\/p>\n","protected":false},"excerpt":{"rendered":"<p>Moc znamionowa max. 3000 kW (2580 kcal\/h) Moc cieplna 3400 kW \/ 3,4 MW Cisnienie robocze 1 bar Temp. goracej wody 95\u00b0C Pojemnosc wody 11.200 Liter Powierzchnia grzewcza 164m2 Max przerob paliwa grzewczego 680 kg\/h Piec przystosowany do spalania trocin i pylu drzewnego Wartosc opalowa usredniona 16 MJ\/kg Wymiary 5670 x 2970 x 4810 Waga [&hellip;]<\/p>\n","protected":false},"featured_media":5795,"template":"","meta":{"_monsterinsights_skip_tracking":false,"_monsterinsights_sitenote_active":false,"_monsterinsights_sitenote_note":"","_monsterinsights_sitenote_category":0,"ngg_post_thumbnail":0},"product_cat":[338],"product_tag":[],"class_list":{"0":"post-5776","1":"product","2":"type-product","3":"status-publish","4":"has-post-thumbnail","6":"product_cat-sprzedane","8":"first","9":"instock","10":"downloadable","11":"shipping-taxable","12":"product-type-simple"},"_links":{"self":[{"href":"https:\/\/iberus.pl\/index.php?rest_route=\/wp\/v2\/product\/5776"}],"collection":[{"href":"https:\/\/iberus.pl\/index.php?rest_route=\/wp\/v2\/product"}],"about":[{"href":"https:\/\/iberus.pl\/index.php?rest_route=\/wp\/v2\/types\/product"}],"wp:featuredmedia":[{"embeddable":true,"href":"https:\/\/iberus.pl\/index.php?rest_route=\/wp\/v2\/media\/5795"}],"wp:attachment":[{"href":"https:\/\/iberus.pl\/index.php?rest_route=%2Fwp%2Fv2%2Fmedia&parent=5776"}],"wp:term":[{"taxonomy":"product_cat","embeddable":true,"href":"https:\/\/iberus.pl\/index.php?rest_route=%2Fwp%2Fv2%2Fproduct_cat&post=5776"},{"taxonomy":"product_tag","embeddable":true,"href":"https:\/\/iberus.pl\/index.php?rest_route=%2Fwp%2Fv2%2Fproduct_tag&post=5776"}],"curies":[{"name":"wp","href":"https:\/\/api.w.org\/{rel}","templated":true}]}}