{"id":4783,"date":"2015-06-25T22:06:51","date_gmt":"2015-06-25T22:06:51","guid":{"rendered":"http:\/\/gromar.de\/?product=prasa-korpusowa-do-szuflad-blum-model-boxpress-rok-budowy-2000"},"modified":"2015-06-25T22:17:13","modified_gmt":"2015-06-25T22:17:13","slug":"prasa-korpusowa-do-szuflad-blum-model-boxpress-rok-budowy-2000","status":"publish","type":"product","link":"https:\/\/iberus.pl\/?product=prasa-korpusowa-do-szuflad-blum-model-boxpress-rok-budowy-2000","title":{"rendered":"Prasa korpusowa do szuflad Blum, model: Boxpress, rok budowy 2000"},"content":{"rendered":"<p>BOXPRESS oferuje idealne wsparcie przy przemys\u0142owej produkcji szuflad TANDEMBOX. Optymalne mo\u017cliwo\u015bci regulacji urz\u0105dzenia oferuj\u0105 kr\u00f3tkie czasy jego przezbrajania i dzi\u0119ki temu sprawiaj\u0105, \u017ce monta\u017c szuflad, niezale\u017cnie od ich r\u00f3\u017cnych szeroko\u015bci i g\u0142\u0119boko\u015bci, jest precyzyjny i efektywny.<\/p>\n<p>\u00a0Nr. maszyny AA00151<\/p>\n<p>Ciezar\u00a0\u00a0\u00a0 450 kg<\/p>\n<p>&nbsp;<\/p>\n<p>&nbsp;<\/p>\n","protected":false},"excerpt":{"rendered":"<p>BOXPRESS oferuje idealne wsparcie przy przemys\u0142owej produkcji szuflad TANDEMBOX. Optymalne mo\u017cliwo\u015bci regulacji urz\u0105dzenia oferuj\u0105 kr\u00f3tkie czasy jego przezbrajania i dzi\u0119ki temu sprawiaj\u0105, \u017ce monta\u017c szuflad, niezale\u017cnie od ich r\u00f3\u017cnych szeroko\u015bci i g\u0142\u0119boko\u015bci, jest precyzyjny i efektywny. \u00a0Nr. maszyny AA00151 Ciezar\u00a0\u00a0\u00a0 450 kg &nbsp; &nbsp;<\/p>\n","protected":false},"featured_media":4777,"template":"","meta":{"_monsterinsights_skip_tracking":false,"_monsterinsights_sitenote_active":false,"_monsterinsights_sitenote_note":"","_monsterinsights_sitenote_category":0,"ngg_post_thumbnail":0},"product_cat":[258,330],"product_tag":[],"class_list":{"0":"post-4783","1":"product","2":"type-product","3":"status-publish","4":"has-post-thumbnail","6":"product_cat-prasy","7":"product_cat-pozostale","9":"first","10":"instock","11":"downloadable","12":"shipping-taxable","13":"product-type-simple"},"_links":{"self":[{"href":"https:\/\/iberus.pl\/index.php?rest_route=\/wp\/v2\/product\/4783"}],"collection":[{"href":"https:\/\/iberus.pl\/index.php?rest_route=\/wp\/v2\/product"}],"about":[{"href":"https:\/\/iberus.pl\/index.php?rest_route=\/wp\/v2\/types\/product"}],"wp:featuredmedia":[{"embeddable":true,"href":"https:\/\/iberus.pl\/index.php?rest_route=\/wp\/v2\/media\/4777"}],"wp:attachment":[{"href":"https:\/\/iberus.pl\/index.php?rest_route=%2Fwp%2Fv2%2Fmedia&parent=4783"}],"wp:term":[{"taxonomy":"product_cat","embeddable":true,"href":"https:\/\/iberus.pl\/index.php?rest_route=%2Fwp%2Fv2%2Fproduct_cat&post=4783"},{"taxonomy":"product_tag","embeddable":true,"href":"https:\/\/iberus.pl\/index.php?rest_route=%2Fwp%2Fv2%2Fproduct_tag&post=4783"}],"curies":[{"name":"wp","href":"https:\/\/api.w.org\/{rel}","templated":true}]}}