{"id":3501,"date":"2014-12-22T12:23:59","date_gmt":"2014-12-22T12:23:59","guid":{"rendered":"http:\/\/gromar.de\/?post_type=product&#038;p=3501"},"modified":"2016-07-25T10:13:28","modified_gmt":"2016-07-25T10:13:28","slug":"zerhacker-osmeka-typ-uz-1320-bj-1994","status":"publish","type":"product","link":"https:\/\/iberus.pl\/?product=zerhacker-osmeka-typ-uz-1320-bj-1994","title":{"rendered":"Zerhacker Osmeka, Type: UZ 1320, Bj.: 1994"},"content":{"rendered":"<table>\n<tbody>\n<tr>\n<td width=\"272\">\n<p>Maschinen Nr.<\/p>\n<\/td>\n<td width=\"257\">\n<p>121-6019<\/p>\n<\/td>\n<\/tr>\n<tr>\n<td width=\"272\">\n<p>Zuf\u00fchr\u00f6ffnung<\/p>\n<\/td>\n<td width=\"257\">\n<p>2050 x 1350 mm<\/p>\n<\/td>\n<\/tr>\n<tr>\n<td width=\"272\">\n<p>F\u00fcllvolumen<\/p>\n<\/td>\n<td width=\"257\">\n<p>4,5 m\u00b3<\/p>\n<\/td>\n<\/tr>\n<tr>\n<td width=\"272\">\n<p>Durchsatzleistung<\/p>\n<\/td>\n<td width=\"257\">\n<p>material- und siebabh\u00e4ngig<\/p>\n<\/td>\n<\/tr>\n<tr>\n<td width=\"272\">\n<p>Rotordurchmesser<\/p>\n<\/td>\n<td width=\"257\">\n<p>370 mm<\/p>\n<\/td>\n<\/tr>\n<tr>\n<td width=\"272\">\n<p>Rotordrehzal<\/p>\n<\/td>\n<td width=\"257\">\n<p>98 U\/min<\/p>\n<\/td>\n<\/tr>\n<tr>\n<td width=\"272\">\n<p>Hauptmotor<\/p>\n<\/td>\n<td width=\"257\">\n<p>22 kW mit Turbokupplung<\/p>\n<\/td>\n<\/tr>\n<tr>\n<td width=\"272\">\n<p>Sieblochung<\/p>\n<\/td>\n<td width=\"257\">\n<p>15 mm<\/p>\n<\/td>\n<\/tr>\n<tr>\n<td width=\"272\">\n<p>Messer<\/p>\n<\/td>\n<td width=\"257\">\n<p>Viereckig<\/p>\n<\/td>\n<\/tr>\n<tr>\n<td width=\"272\">\n<p>Metlallabscheider<\/p>\n<\/td>\n<td width=\"257\">\n<p>Schuko<\/p>\n<\/td>\n<\/tr>\n<tr>\n<td width=\"272\">\n<p>Geeignet<\/p>\n<\/td>\n<td width=\"257\">\n<p>Holz, Kartonage, Pappe Kunststoff Papier<\/p>\n<\/td>\n<\/tr>\n<tr>\n<td width=\"272\">\n<p>LxBxH<\/p>\n<\/td>\n<td width=\"257\">\n<p>4300x2400x2650 mm<\/p>\n<\/td>\n<\/tr>\n<tr>\n<td width=\"272\">\n<p>Gewicht<\/p>\n<\/td>\n<td width=\"257\">\n<p>6500 kg<\/p>\n<\/td>\n<\/tr>\n<tr>\n<td width=\"272\">\n<p>Standort<\/p>\n<\/td>\n<td width=\"257\">\n<p>D-32683 Barntrup<\/p>\n<\/td>\n<\/tr>\n<\/tbody>\n<\/table>\n<p>&nbsp;<\/p>\n","protected":false},"excerpt":{"rendered":"<p>Maschinen Nr. 121-6019 Zuf\u00fchr\u00f6ffnung 2050 x 1350 mm F\u00fcllvolumen 4,5 m\u00b3 Durchsatzleistung material- und siebabh\u00e4ngig Rotordurchmesser 370 mm Rotordrehzal 98 U\/min Hauptmotor 22 kW mit Turbokupplung Sieblochung 15 mm Messer Viereckig Metlallabscheider Schuko Geeignet Holz, Kartonage, Pappe Kunststoff Papier LxBxH 4300x2400x2650 mm Gewicht 6500 kg Standort D-32683 Barntrup &nbsp;<\/p>\n","protected":false},"featured_media":3500,"template":"","meta":{"_monsterinsights_skip_tracking":false,"_monsterinsights_sitenote_active":false,"_monsterinsights_sitenote_note":"","_monsterinsights_sitenote_category":0,"ngg_post_thumbnail":0},"product_cat":[340],"product_tag":[],"class_list":{"0":"post-3501","1":"product","2":"type-product","3":"status-publish","4":"has-post-thumbnail","6":"product_cat-verkauft","8":"first","9":"instock","10":"downloadable","11":"shipping-taxable","12":"product-type-simple"},"_links":{"self":[{"href":"https:\/\/iberus.pl\/index.php?rest_route=\/wp\/v2\/product\/3501"}],"collection":[{"href":"https:\/\/iberus.pl\/index.php?rest_route=\/wp\/v2\/product"}],"about":[{"href":"https:\/\/iberus.pl\/index.php?rest_route=\/wp\/v2\/types\/product"}],"wp:featuredmedia":[{"embeddable":true,"href":"https:\/\/iberus.pl\/index.php?rest_route=\/wp\/v2\/media\/3500"}],"wp:attachment":[{"href":"https:\/\/iberus.pl\/index.php?rest_route=%2Fwp%2Fv2%2Fmedia&parent=3501"}],"wp:term":[{"taxonomy":"product_cat","embeddable":true,"href":"https:\/\/iberus.pl\/index.php?rest_route=%2Fwp%2Fv2%2Fproduct_cat&post=3501"},{"taxonomy":"product_tag","embeddable":true,"href":"https:\/\/iberus.pl\/index.php?rest_route=%2Fwp%2Fv2%2Fproduct_tag&post=3501"}],"curies":[{"name":"wp","href":"https:\/\/api.w.org\/{rel}","templated":true}]}}