{"id":3464,"date":"2014-12-22T10:23:06","date_gmt":"2014-12-22T10:23:06","guid":{"rendered":"http:\/\/gromar.de\/?product=schwenkspindelfrase-kolle-typ-f45-bj-1983-copy"},"modified":"2015-05-20T20:23:43","modified_gmt":"2015-05-20T20:23:43","slug":"schwenkspindelfrase-kolle-typ-f45-bj-1983-copy","status":"publish","type":"product","link":"https:\/\/iberus.pl\/?product=schwenkspindelfrase-kolle-typ-f45-bj-1983-copy","title":{"rendered":"Schwenkspindelfr\u00e4se K\u00f6lle ,  Typ: F45    Bj.  1983"},"content":{"rendered":"<table class=\"techdata\" width=\"450\" cellspacing=\"2\">\n<tbody>\n<tr>\n<td width=\"284\">\n<p>Maschinen- Nr<\/p>\n<\/td>\n<td width=\"242\">\n<p>1386<\/p>\n<\/td>\n<\/tr>\n<tr>\n<td width=\"284\">\n<p>Tischgr\u00f6\u00dfe<\/p>\n<\/td>\n<td width=\"242\">\n<p>1200 x 1000 mm<\/p>\n<\/td>\n<\/tr>\n<tr>\n<td width=\"284\">\n<p>Fr\u00e4sanschlag<\/p>\n<\/td>\n<td width=\"242\">\n<p>Aigner \u00a0mit Metallbacken<\/p>\n<\/td>\n<\/tr>\n<tr>\n<td width=\"284\">\n<p>Spindelh\u00f6he<\/p>\n<\/td>\n<td width=\"242\">\n<p>125 mm<\/p>\n<\/td>\n<\/tr>\n<tr>\n<td width=\"284\">\n<p>Spindeldurchmesser<\/p>\n<\/td>\n<td width=\"242\">\n<p>30 mm<\/p>\n<\/td>\n<\/tr>\n<tr>\n<td width=\"284\">\n<p>Spindelschwenkung<\/p>\n<\/td>\n<td width=\"242\">\n<p>-5\u00b0\/ +45\u00b0<\/p>\n<\/td>\n<\/tr>\n<tr>\n<td width=\"284\">\n<p>Drehrichtung<\/p>\n<\/td>\n<td width=\"242\">\n<p>links\/rechts<\/p>\n<\/td>\n<\/tr>\n<tr>\n<td width=\"284\">\n<p>Drehzahlen<\/p>\n<\/td>\n<td width=\"242\">\n<p>3000\/6000 4000\/8000\u00a0 5000\/10000 Upm<\/p>\n<\/td>\n<\/tr>\n<tr>\n<td width=\"284\">\n<p>Motorst\u00e4rke<\/p>\n<\/td>\n<td width=\"242\">\n<p>4,7 \/ 5,7 kW<\/p>\n<\/td>\n<\/tr>\n<tr>\n<td width=\"284\">\n<p>Absaugstuzen<\/p>\n<\/td>\n<td width=\"242\">\n<p>\u1d13 1x 120 mm, 1&#215;100 mm<\/p>\n<\/td>\n<\/tr>\n<tr>\n<td width=\"284\">\n<p>Not-Ausschalter<\/p>\n<\/td>\n<td width=\"242\">\n<p>ja<\/p>\n<\/td>\n<\/tr>\n<tr>\n<td width=\"284\">\n<p>inkl<\/p>\n<\/td>\n<td width=\"242\">\n<p>2 St. Tischverl\u00e4ngerungen . Aigner je 170&#215;1100 mm<\/p>\n<p>2 St. Vorschubapparat<\/p>\n<\/td>\n<\/tr>\n<tr>\n<td width=\"284\">\n<p>Betriebsanleitung<\/p>\n<\/td>\n<td width=\"242\">\n<p>vorhanden<\/p>\n<\/td>\n<\/tr>\n<tr>\n<td width=\"284\">\n<p>Ladenma\u00df LxBxH<\/p>\n<\/td>\n<td width=\"242\">\n<p>1250x1200x1600 mm<\/p>\n<\/td>\n<\/tr>\n<tr>\n<td width=\"284\">\n<p>Gewicht ca.<\/p>\n<\/td>\n<td width=\"242\">\n<p>700 kg<\/p>\n<\/td>\n<\/tr>\n<tr>\n<td width=\"284\">\n<p>Standort<\/p>\n<\/td>\n<td width=\"242\">\n<p>D-32683 Barntrup<\/p>\n<\/td>\n<\/tr>\n<\/tbody>\n<\/table>\n<p>&nbsp;<\/p>\n","protected":false},"excerpt":{"rendered":"<p>Maschinen- Nr 1386 Tischgr\u00f6\u00dfe 1200 x 1000 mm Fr\u00e4sanschlag Aigner \u00a0mit Metallbacken Spindelh\u00f6he 125 mm Spindeldurchmesser 30 mm Spindelschwenkung -5\u00b0\/ +45\u00b0 Drehrichtung links\/rechts Drehzahlen 3000\/6000 4000\/8000\u00a0 5000\/10000 Upm Motorst\u00e4rke 4,7 \/ 5,7 kW Absaugstuzen \u1d13 1x 120 mm, 1&#215;100 mm Not-Ausschalter ja inkl 2 St. Tischverl\u00e4ngerungen . Aigner je 170&#215;1100 mm 2 St. Vorschubapparat Betriebsanleitung [&hellip;]<\/p>\n","protected":false},"featured_media":3446,"template":"","meta":{"_monsterinsights_skip_tracking":false,"_monsterinsights_sitenote_active":false,"_monsterinsights_sitenote_note":"","_monsterinsights_sitenote_category":0,"ngg_post_thumbnail":0},"product_cat":[87,340],"product_tag":[],"class_list":{"0":"post-3464","1":"product","2":"type-product","3":"status-publish","4":"has-post-thumbnail","6":"product_cat-german","7":"product_cat-verkauft","9":"first","10":"instock","11":"downloadable","12":"shipping-taxable","13":"product-type-simple"},"_links":{"self":[{"href":"https:\/\/iberus.pl\/index.php?rest_route=\/wp\/v2\/product\/3464"}],"collection":[{"href":"https:\/\/iberus.pl\/index.php?rest_route=\/wp\/v2\/product"}],"about":[{"href":"https:\/\/iberus.pl\/index.php?rest_route=\/wp\/v2\/types\/product"}],"wp:featuredmedia":[{"embeddable":true,"href":"https:\/\/iberus.pl\/index.php?rest_route=\/wp\/v2\/media\/3446"}],"wp:attachment":[{"href":"https:\/\/iberus.pl\/index.php?rest_route=%2Fwp%2Fv2%2Fmedia&parent=3464"}],"wp:term":[{"taxonomy":"product_cat","embeddable":true,"href":"https:\/\/iberus.pl\/index.php?rest_route=%2Fwp%2Fv2%2Fproduct_cat&post=3464"},{"taxonomy":"product_tag","embeddable":true,"href":"https:\/\/iberus.pl\/index.php?rest_route=%2Fwp%2Fv2%2Fproduct_tag&post=3464"}],"curies":[{"name":"wp","href":"https:\/\/api.w.org\/{rel}","templated":true}]}}