{"id":1555,"date":"2014-10-24T22:02:40","date_gmt":"2014-10-24T22:02:40","guid":{"rendered":"http:\/\/gromar.de\/?post_type=product&#038;p=1555"},"modified":"2015-05-20T21:34:02","modified_gmt":"2015-05-20T21:34:02","slug":"kopier-drehautomat-hempel-typ-cke-9","status":"publish","type":"product","link":"https:\/\/iberus.pl\/?product=kopier-drehautomat-hempel-typ-cke-9","title":{"rendered":"Kopier- Drehautomat Hempel, Typ: CKE-9"},"content":{"rendered":"<table class=\"techdata\" width=\"450\" cellspacing=\"2\">\n<tbody>\n<tr>\n<td><b>Die Kopierautomat, Type CKE, dient speziell f\u00fcr die wirtschaftliche und rationelle Herstellung von verschieden geformten Rundteilen in kleinen Serien wie z.B. Stuhl- und Tischbeinen<\/b><\/td>\n<td>\u00a0<\/td>\n<\/tr>\n<tr>\n<td><b>Der besondere Vorteil der Maschine besteht darin, dass nach Formschablone oder einem fertigen Holzmuster \u2013 ohne Verwendung von Formst\u00e4hlen \u2013 das Werkst\u00fcck gefr\u00e4st und gleichzeitig geschliffen werden kann.<\/b><\/td>\n<td>\u00a0<\/td>\n<\/tr>\n<tr>\n<td><b>Die Maschine arbeitet vollautomatisch und wird elektro-hydraulisch gesteuert.<\/b><\/td>\n<td>\u00a0<\/td>\n<\/tr>\n<tr>\n<td><b>Das Abtasten der Schablone bzw. des Holzmodells zum Fr\u00e4sen und Schleifen des Werkst\u00fccks erfolgt durch hydraulisch gesteuerte, leichtg\u00e4ngige Kopierf\u00fchler.<\/b><\/td>\n<td>\u00a0<\/td>\n<\/tr>\n<tr>\n<td><b>Maschinen Nr.<\/b><\/td>\n<td>163\/51<\/td>\n<\/tr>\n<tr>\n<td><b>Max Arbeitsl\u00e4nge<\/b><\/td>\n<td>900 mm<\/td>\n<\/tr>\n<tr>\n<td><b>Max Arbeitsdurchmesser<\/b><\/td>\n<td>250 mm<\/td>\n<\/tr>\n<tr>\n<td><b>Fr\u00e4smotor (Scheibenfr\u00e4ser)<\/b><\/td>\n<td>7,5 kW<\/td>\n<\/tr>\n<tr>\n<td><b>Spindelmotor<\/b><\/td>\n<td>3 kW, 2800 U\/min<\/td>\n<\/tr>\n<tr>\n<td><b>Spindeldrehzahl<\/b><\/td>\n<td>700, 1200, 1500, 2000 U\/min<\/td>\n<\/tr>\n<tr>\n<td><b>Schleifbandaggregat<\/b><\/td>\n<td>Motor 0,75 kW<\/td>\n<\/tr>\n<tr>\n<td><b>Hydraulikmotor<\/b><\/td>\n<td>3 kW<\/td>\n<\/tr>\n<tr>\n<td><b>Magazinbeschickung<\/b><\/td>\n<td>f\u00fcr Kanteln bis 150 x 150 mm<\/td>\n<\/tr>\n<tr>\n<td><b>Gewicht<\/b><\/td>\n<td>ca. 1550 kg<\/td>\n<\/tr>\n<tr>\n<td><b>Abmessungen<\/b><\/td>\n<td>3400 x 2100 x 1900 mm<\/td>\n<\/tr>\n<tr>\n<td><b>Standort<\/b><\/td>\n<td>D-32683 Barntrup<\/td>\n<\/tr>\n<\/tbody>\n<\/table>\n<p>&nbsp;<\/p>\n<h4>BEMERKUNGEN<\/h4>\n<p>(\u00c4nderungen und Irrt\u00fcmer in den technischen Daten sowie Zwischenverkauf vorbehalten)<\/p>\n","protected":false},"excerpt":{"rendered":"<p>Die Kopierautomat, Type CKE, dient speziell f\u00fcr die wirtschaftliche und rationelle Herstellung von verschieden geformten Rundteilen in kleinen Serien wie z.B. Stuhl- und Tischbeinen \u00a0 Der besondere Vorteil der Maschine besteht darin, dass nach Formschablone oder einem fertigen Holzmuster \u2013 ohne Verwendung von Formst\u00e4hlen \u2013 das Werkst\u00fcck gefr\u00e4st und gleichzeitig geschliffen werden kann. \u00a0 Die [&hellip;]<\/p>\n","protected":false},"featured_media":1549,"template":"","meta":{"_monsterinsights_skip_tracking":false,"_monsterinsights_sitenote_active":false,"_monsterinsights_sitenote_note":"","_monsterinsights_sitenote_category":0,"ngg_post_thumbnail":0},"product_cat":[340],"product_tag":[],"class_list":{"0":"post-1555","1":"product","2":"type-product","3":"status-publish","4":"has-post-thumbnail","6":"product_cat-verkauft","8":"first","9":"instock","10":"downloadable","11":"shipping-taxable","12":"product-type-simple"},"_links":{"self":[{"href":"https:\/\/iberus.pl\/index.php?rest_route=\/wp\/v2\/product\/1555"}],"collection":[{"href":"https:\/\/iberus.pl\/index.php?rest_route=\/wp\/v2\/product"}],"about":[{"href":"https:\/\/iberus.pl\/index.php?rest_route=\/wp\/v2\/types\/product"}],"wp:featuredmedia":[{"embeddable":true,"href":"https:\/\/iberus.pl\/index.php?rest_route=\/wp\/v2\/media\/1549"}],"wp:attachment":[{"href":"https:\/\/iberus.pl\/index.php?rest_route=%2Fwp%2Fv2%2Fmedia&parent=1555"}],"wp:term":[{"taxonomy":"product_cat","embeddable":true,"href":"https:\/\/iberus.pl\/index.php?rest_route=%2Fwp%2Fv2%2Fproduct_cat&post=1555"},{"taxonomy":"product_tag","embeddable":true,"href":"https:\/\/iberus.pl\/index.php?rest_route=%2Fwp%2Fv2%2Fproduct_tag&post=1555"}],"curies":[{"name":"wp","href":"https:\/\/api.w.org\/{rel}","templated":true}]}}