{"id":1438,"date":"2014-10-24T21:20:10","date_gmt":"2014-10-24T21:20:10","guid":{"rendered":"http:\/\/gromar.de\/?post_type=product&#038;p=1438"},"modified":"2015-05-20T21:39:04","modified_gmt":"2015-05-20T21:39:04","slug":"cnc-wiertarka-przlotowa-morbidelli-model-zenith-f1-rok-budowy-2003","status":"publish","type":"product","link":"https:\/\/iberus.pl\/?product=cnc-wiertarka-przlotowa-morbidelli-model-zenith-f1-rok-budowy-2003","title":{"rendered":"CNC- Wiertarka przlotowa Morbidelli, model: ZENITH F1, rok budowy: 2003"},"content":{"rendered":"<table class=\"techdata\" width=\"450\" cellspacing=\"2\">\n<tbody>\n<tr>\n<td><b>Automat wiertarski do wiercen w pionie i w poziomie.<\/b><\/td>\n<td>\u00a0<\/td>\n<\/tr>\n<tr>\n<td><b>Nr.maszyny<\/b><\/td>\n<td>AL\/007146<\/td>\n<\/tr>\n<tr>\n<td><b>Obszar roboczy w osi X<\/b><\/td>\n<td>230 &#8211; 3200 mm<\/td>\n<\/tr>\n<tr>\n<td><b>Obszar roboczy w osi Y<\/b><\/td>\n<td>800 mm<\/td>\n<\/tr>\n<tr>\n<td><b>Grubosc elementow<\/b><\/td>\n<td>10 &#8211; 70 mm<\/td>\n<\/tr>\n<tr>\n<td><b>wyposazenie:<\/b><\/td>\n<td>\u00a0<\/td>\n<\/tr>\n<tr>\n<td><b>wiercenia pionowe<\/b><\/td>\n<td>5 suportow od dolu, kazdy po 2 agregaty wiertarskie<\/td>\n<\/tr>\n<tr>\n<td><b>wiercenia poziome<\/b><\/td>\n<td>2 suporty wiertarski ( z prawej i z lewej) z belka wiertarska z 21 jednostkami wiertarskimi w podzialce 32 mm<\/td>\n<\/tr>\n<tr>\n<td><b>ciezar<\/b><\/td>\n<td>6500 kg<\/td>\n<\/tr>\n<tr>\n<td><b>Miejsce postoju<\/b><\/td>\n<td>D-32683 Barntrup magazyn<\/td>\n<\/tr>\n<\/tbody>\n<\/table>\n<p>&nbsp;<\/p>\n<h4>UWAGI<\/h4>\n<p>(Z zastrze\u017ceniem, pomy\u0142ek, zmian technicznych i wcze\u015bniejszej sprzeda\u017cy)<\/p>\n","protected":false},"excerpt":{"rendered":"<h3><strong><span style=\"color: #ff0000;\">Pozycja nieaktualna<br \/><\/span><\/strong><\/h3>\n","protected":false},"featured_media":1449,"template":"","meta":{"_monsterinsights_skip_tracking":false,"_monsterinsights_sitenote_active":false,"_monsterinsights_sitenote_note":"","_monsterinsights_sitenote_category":0,"ngg_post_thumbnail":0},"product_cat":[338],"product_tag":[],"class_list":{"0":"post-1438","1":"product","2":"type-product","3":"status-publish","4":"has-post-thumbnail","6":"product_cat-sprzedane","8":"first","9":"instock","10":"downloadable","11":"shipping-taxable","12":"product-type-simple"},"_links":{"self":[{"href":"https:\/\/iberus.pl\/index.php?rest_route=\/wp\/v2\/product\/1438"}],"collection":[{"href":"https:\/\/iberus.pl\/index.php?rest_route=\/wp\/v2\/product"}],"about":[{"href":"https:\/\/iberus.pl\/index.php?rest_route=\/wp\/v2\/types\/product"}],"wp:featuredmedia":[{"embeddable":true,"href":"https:\/\/iberus.pl\/index.php?rest_route=\/wp\/v2\/media\/1449"}],"wp:attachment":[{"href":"https:\/\/iberus.pl\/index.php?rest_route=%2Fwp%2Fv2%2Fmedia&parent=1438"}],"wp:term":[{"taxonomy":"product_cat","embeddable":true,"href":"https:\/\/iberus.pl\/index.php?rest_route=%2Fwp%2Fv2%2Fproduct_cat&post=1438"},{"taxonomy":"product_tag","embeddable":true,"href":"https:\/\/iberus.pl\/index.php?rest_route=%2Fwp%2Fv2%2Fproduct_tag&post=1438"}],"curies":[{"name":"wp","href":"https:\/\/api.w.org\/{rel}","templated":true}]}}