{"id":12805,"date":"2021-05-06T12:20:06","date_gmt":"2021-05-06T12:20:06","guid":{"rendered":"https:\/\/iberus.pl\/?post_type=product&#038;p=12805"},"modified":"2024-09-17T11:57:23","modified_gmt":"2024-09-17T11:57:23","slug":"kappsaege-fuer-leisten-duespohl-dts-350-e-suncut","status":"publish","type":"product","link":"https:\/\/iberus.pl\/?product=kappsaege-fuer-leisten-duespohl-dts-350-e-suncut","title":{"rendered":"Kapps\u00e4ge f\u00fcr Leisten D\u00fcspohl DTS-350 E (SynCut)"},"content":{"rendered":"<p><iframe loading=\"lazy\" src=\"\/\/www.youtube.com\/embed\/UeLC7eTQvnU\" width=\"560\" height=\"314\" allowfullscreen=\"allowfullscreen\"><\/iframe><\/p>\n<p>Maschine zum Abl\u00e4ngen oder Trennen von Profilen aus Kunst- bzw. Holzwerkstoffen o.\u00e4. im Durchlauf.<\/p>\n<table cellspacing=\"0\" cellpadding=\"0\">\n<tbody>\n<tr>\n<td valign=\"top\">\n<p>Maschinen \u2013 Nr.:<\/p>\n<\/td>\n<td valign=\"top\">\n<p>00900192<\/p>\n<\/td>\n<\/tr>\n<tr>\n<td valign=\"top\">\n<p>Schnittbereich<\/p>\n<\/td>\n<td valign=\"top\">\n<p>10 \u2013 320mm<\/p>\n<\/td>\n<\/tr>\n<tr>\n<td valign=\"top\">\n<p>Schnitth\u00f6he<span class=\"Apple-converted-space\">&nbsp;<\/span><\/p>\n<\/td>\n<td valign=\"top\">\n<p>max. 130mm<\/p>\n<\/td>\n<\/tr>\n<tr>\n<td valign=\"top\">\n<p>Kapps\u00e4gemotor<span class=\"Apple-converted-space\">&nbsp;<\/span><\/p>\n<\/td>\n<td valign=\"top\">\n<p>4 kW<\/p>\n<\/td>\n<\/tr>\n<tr>\n<td valign=\"top\">\n<p>Drehzahl des S\u00e4geblattes<span class=\"Apple-converted-space\">&nbsp;<\/span><\/p>\n<\/td>\n<td valign=\"top\">\n<p>4200 U\/min<\/p>\n<\/td>\n<\/tr>\n<tr>\n<td valign=\"top\">\n<p>Vorschubgeschwindigkeit<\/p>\n<\/td>\n<td valign=\"top\">\n<p>80 m\/min<\/p>\n<\/td>\n<\/tr>\n<tr>\n<td valign=\"top\">\n<p>Antrieb S\u00e4geschlitten<\/p>\n<\/td>\n<td valign=\"top\">\n<p>5,90 kW<\/p>\n<\/td>\n<\/tr>\n<tr>\n<td valign=\"top\">\n<p>Antrieb S\u00e4gehub &#8211; Servomotor<\/p>\n<\/td>\n<td valign=\"top\">\n<p>1,1 kW<\/p>\n<\/td>\n<\/tr>\n<tr>\n<td valign=\"top\">\n<p>Antrieb des Transportband<\/p>\n<\/td>\n<td valign=\"top\">\n<p>0,64 kW<\/p>\n<\/td>\n<\/tr>\n<tr>\n<td valign=\"top\">\n<p>Genauigkeit<\/p>\n<\/td>\n<td valign=\"top\">\n<p>+-2mm<\/p>\n<\/td>\n<\/tr>\n<tr>\n<td valign=\"top\">\n<p>Betriebsspannung<\/p>\n<\/td>\n<td valign=\"top\">\n<p>400 V, 50 Hz<\/p>\n<\/td>\n<\/tr>\n<tr>\n<td valign=\"top\">\n<p>Gesamtanschlusswert<\/p>\n<\/td>\n<td valign=\"top\">\n<p>ca. 14 kW<\/p>\n<\/td>\n<\/tr>\n<tr>\n<td valign=\"top\">\n<p>Abmessungen<\/p>\n<\/td>\n<td valign=\"top\">\n<p>2010 x 1360 x 1800 mm<span class=\"Apple-converted-space\">&nbsp;<\/span><\/p>\n<\/td>\n<\/tr>\n<tr>\n<td valign=\"top\">\n<p>Gewicht<\/p>\n<\/td>\n<td valign=\"top\">\n<p>1200 kg <span class=\"Apple-converted-space\">&nbsp;<\/span><\/p>\n<\/td>\n<\/tr>\n<tr>\n<td valign=\"top\">\n<p>Maschine komplett mit Zuf\u00fchrband<\/p>\n<\/td>\n<td valign=\"top\">\n<p>Betriebsmodus &#8211; automatisch und manuell<\/p>\n<\/td>\n<\/tr>\n<tr>\n<td valign=\"top\">\n<p>Neue Transportb\u00e4nder<\/p>\n<\/td>\n<td valign=\"top\">&nbsp;<\/td>\n<\/tr>\n<tr>\n<td valign=\"top\">&nbsp;<\/td>\n<td valign=\"top\">&nbsp;<\/td>\n<\/tr>\n<\/tbody>\n<\/table>\n<p>(<i>\u00c4nderungen und Irrt\u00fcmer in den technischen Daten, sowie Zwischenverkauf vorbehalten)<\/i><\/p>\n","protected":false},"excerpt":{"rendered":"<p>Maschine zum Abl\u00e4ngen oder Trennen von Profilen aus Kunst- bzw. Holzwerkstoffen o.\u00e4. im Durchlauf. Maschinen \u2013 Nr.: 00900192 Schnittbereich 10 \u2013 320mm Schnitth\u00f6he&nbsp; max. 130mm Kapps\u00e4gemotor&nbsp; 4 kW Drehzahl des S\u00e4geblattes&nbsp; 4200 U\/min Vorschubgeschwindigkeit 80 m\/min Antrieb S\u00e4geschlitten 5,90 kW Antrieb S\u00e4gehub &#8211; Servomotor 1,1 kW Antrieb des Transportband 0,64 kW Genauigkeit +-2mm Betriebsspannung 400 [&hellip;]<\/p>\n","protected":false},"featured_media":13015,"template":"","meta":{"_monsterinsights_skip_tracking":false,"_monsterinsights_sitenote_active":false,"_monsterinsights_sitenote_note":"","_monsterinsights_sitenote_category":0,"ngg_post_thumbnail":0},"product_cat":[399,340],"product_tag":[],"class_list":{"0":"post-12805","1":"product","2":"type-product","3":"status-publish","4":"has-post-thumbnail","6":"product_cat-german-de","7":"product_cat-verkauft","9":"first","10":"instock","11":"shipping-taxable","12":"product-type-simple"},"_links":{"self":[{"href":"https:\/\/iberus.pl\/index.php?rest_route=\/wp\/v2\/product\/12805"}],"collection":[{"href":"https:\/\/iberus.pl\/index.php?rest_route=\/wp\/v2\/product"}],"about":[{"href":"https:\/\/iberus.pl\/index.php?rest_route=\/wp\/v2\/types\/product"}],"wp:featuredmedia":[{"embeddable":true,"href":"https:\/\/iberus.pl\/index.php?rest_route=\/wp\/v2\/media\/13015"}],"wp:attachment":[{"href":"https:\/\/iberus.pl\/index.php?rest_route=%2Fwp%2Fv2%2Fmedia&parent=12805"}],"wp:term":[{"taxonomy":"product_cat","embeddable":true,"href":"https:\/\/iberus.pl\/index.php?rest_route=%2Fwp%2Fv2%2Fproduct_cat&post=12805"},{"taxonomy":"product_tag","embeddable":true,"href":"https:\/\/iberus.pl\/index.php?rest_route=%2Fwp%2Fv2%2Fproduct_tag&post=12805"}],"curies":[{"name":"wp","href":"https:\/\/api.w.org\/{rel}","templated":true}]}}