{"id":12758,"date":"2021-05-04T13:02:39","date_gmt":"2021-05-04T13:02:39","guid":{"rendered":"https:\/\/iberus.pl\/?post_type=product&#038;p=12758"},"modified":"2021-05-04T13:07:32","modified_gmt":"2021-05-04T13:07:32","slug":"lackierstrasse-spritzanlage-cefla-ibotic-bj-2008","status":"publish","type":"product","link":"https:\/\/iberus.pl\/?product=lackierstrasse-spritzanlage-cefla-ibotic-bj-2008","title":{"rendered":"Lackierstrasse \/ Spritzanlage CEFLA iBotic, Bj.: 2008"},"content":{"rendered":"<p><iframe loading=\"lazy\" src=\"\/\/www.youtube.com\/embed\/yUGN6iPFdTU\" width=\"560\" height=\"314\" allowfullscreen=\"allowfullscreen\"><\/iframe><\/p>\n<p>&nbsp;<\/p>\n<table cellspacing=\"0\" cellpadding=\"0\">\n<tbody>\n<tr>\n<td valign=\"top\">\n<p>Technische Daten<\/p>\n<p>Ausma\u00df der Bearbeitenden Werkst\u00fccke<\/p>\n<\/td>\n<td valign=\"top\">\n<p>L\u00e4nge max. 3500 mm; min. 300 mm<\/p>\n<p>Breite max. 1300 mm; min. 10 mm<\/p>\n<p>St\u00e4rke max. 80 mm; min. 10 mm<\/p>\n<p>Biegung 10 mm<\/p>\n<p>Mindesttemperatur -5\u00b0C<\/p>\n<p>Heizmedium: Wasser 90\u00b0<\/p>\n<p>Druck 6 bar max<\/p>\n<p>Bedienungsseite: Rechts<\/p>\n<\/td>\n<\/tr>\n<tr>\n<td valign=\"top\">\n<p>Die Anlage besteht aus:<span class=\"Apple-converted-space\">&nbsp;<\/span><\/p>\n<\/td>\n<td valign=\"top\">&nbsp;<\/td>\n<\/tr>\n<tr>\n<td valign=\"top\">\n<p><b>Beschickungsbandf\u00f6rderer<\/b><\/p>\n<p><b>Typ: TNS 1450\/RBT, Maschine Nr. 08098\/01<\/b><\/p>\n<\/td>\n<td valign=\"top\">\n<p>Gesamtl\u00e4nge 1700 mm<\/p>\n<p>Antrieb 0,26 kW<\/p>\n<p>Vorschubgeschwindigkeit bis 11,2 m\/min<\/p>\n<\/td>\n<\/tr>\n<tr>\n<td valign=\"top\">\n<p><b>B\u00fcrstenmaschine<span class=\"Apple-converted-space\">&nbsp;<\/span><\/b><b>M.C<\/b><b>.<\/b><b> CL-1350<span class=\"Apple-converted-space\">&nbsp;<\/span><\/b><\/p>\n<\/td>\n<td valign=\"top\">\n<p><b>Bj. 2020<\/b><\/p>\n<\/td>\n<\/tr>\n<tr>\n<td valign=\"top\">\n<p><b>Bandf\u00f6rderer mit Doppelter Geschwindigkeit<\/b><\/p>\n<p><b>Typ: TNS 4000\/2V-CT<\/b><\/p>\n<p><b>Maschine Nr. 08098\/03<\/b><\/p>\n<\/td>\n<td valign=\"top\">\n<p>Gesamtl\u00e4nge 4000 mm<\/p>\n<p>Regulierbare Geschwindigkeit von 3,4 \u2013 59,3 m\/min<\/p>\n<p>Antrieb 1,1 kW<\/p>\n<p>Teleskopische Geh\u00e4useabdeckung<\/p>\n<\/td>\n<\/tr>\n<tr>\n<td valign=\"top\">\n<p><b>Spritzroboter Typ: Ibotic RU2DP<\/b><\/p>\n<p><b>Maschine Nr. CA8098A04<span class=\"Apple-converted-space\">&nbsp;<\/span><\/b><\/p>\n<\/td>\n<td valign=\"top\">\n<p>Elektronischer Roboter mit 2 Achsengruppen, jede Gruppe hat 4 elektronisch kontrollierte Achsen und 1 pneumatisch kontrollierte Achse.<\/p>\n<p>2 St\u00fcck bewegliche Werkzeugarme f\u00fcr die Montage von 3 St\u00fcck Pistolen ausgelegt f\u00fcr die Fl\u00e4che und<span class=\"Apple-converted-space\">&nbsp; <\/span>Kantenspritzpistole<\/p>\n<p>St\u00fcckselbsterfassung durch elektronische Ableseschranke mit 128 Fotodioden.<\/p>\n<p>Overspraysystem \u00fcber doppelte Trockenfilterreihe f\u00fcr die Trennung der Lackpartikel von der abgesaugten Luft<\/p>\n<p>Abluftventilator<span class=\"Apple-converted-space\">&nbsp;<\/span><\/p>\n<p>Installierte elektrische Leistung 25,90 kW<\/p>\n<p>Druckluftverbrauch 600 NI\/min.<\/p>\n<p>Elektronischer Schaltschrank mit Computer zur Programmierung und Steuerung der Spritzparameter mit grafischem Farbmonitor.<\/p>\n<\/td>\n<\/tr>\n<tr>\n<td valign=\"top\">\n<p><b>Bandf\u00f6rderer mit Doppelter Geschwindigkeit,<span class=\"Apple-converted-space\">&nbsp;<\/span><\/b><\/p>\n<p><b>Typ: TNS 4000\/2 V- CT<\/b><\/p>\n<p><b>Maschine Nr. 08098\/05<\/b><\/p>\n<\/td>\n<td valign=\"top\">\n<p>Gesamtl\u00e4nge 4000 mm<\/p>\n<p>Regulierbare Geschwindigkeit von 3,4 \u2013 59,3 m\/min<\/p>\n<p>Teleskopische Geh\u00e4useabdeckung<\/p>\n<p>Installierte elektrische Leistung 1,1 kW<\/p>\n<\/td>\n<\/tr>\n<tr>\n<td valign=\"top\">\n<p><b>Etagen-Kollektor mit Warmluft\/ VL Typ: Pieffe VL5\/7500<\/b><\/p>\n<p><b>Maschine- Nr. CA8098A06<\/b><\/p>\n<\/td>\n<td valign=\"top\">\n<p>5 Stk. angetriebene Bandpaletten.<span class=\"Apple-converted-space\">&nbsp;<\/span><\/p>\n<p>Max. St\u00e4rke lackierte Teile 87,5 mm<\/p>\n<p>Nutzl\u00e4nge 7400 mm<\/p>\n<p>Zu- und Umluftventilator mit Umgebungszuluft.<\/p>\n<p>Motorisierte Palleten mit unterer Blende.<\/p>\n<p>Heizmedium: Warmwasser<\/p>\n<p>Installierte Heizleistung 140000 Kcal\/h<\/p>\n<p>Installierte elektrische Leistung 13 kW<\/p>\n<\/td>\n<\/tr>\n<tr>\n<td valign=\"top\">\n<p><b>Luftmesser- Trockner Aquadry Typ: LA\/3<\/b><\/p>\n<\/td>\n<td valign=\"top\">\n<p>Gesamtl\u00e4nge 4500 mm<\/p>\n<p>Zu- und Umluftventilator: Durchsatz 9000 m\u00b3\/h<\/p>\n<p>Installierte elektrische Leistung 8,05 kW<\/p>\n<p>Installierte Heizleistung 100000 Kcal\/h<\/p>\n<p>Heizmedium: Warmwasser<\/p>\n<p>Zusatz f\u00fcr 3 IRM -Lampen (elektrische Leistung den IR Lampen 3,5 kW)<\/p>\n<p>Stabf\u00f6rderer L\u00e4nge 5500 mm<\/p>\n<p>Geschwindigkeit max. 14 m\/min; min. 2,1 m\/min<\/p>\n<p>Stabf\u00f6rderer mit doppelter Kette und verchromten St\u00e4ben, Durchmesser 25 mm<\/p>\n<\/td>\n<\/tr>\n<tr>\n<td valign=\"top\">\n<p><b>Hochleistungs- UV-Trockner mit 3 Lampen Typ: UV 2000 M1 + UV 2000 IC M2 + TTE 3500, Maschine-Nr.: CA8098A08<\/b><\/p>\n<\/td>\n<td valign=\"top\">\n<p>Eizelstrahlermodul, Gesamtl\u00e4nge 1560mm, 1 St\u00fcck Galliumstrahler P420,<span class=\"Apple-converted-space\">&nbsp;<\/span><\/p>\n<p>Strahlerleistung von 60 \u2013 120 W\/cm<\/p>\n<p>Installierte elektrische Leistung max. (120W\/cm) 18,3 kW<\/p>\n<p>Steuerungsschrank f\u00fcr 1 Strahler<\/p>\n<p>2 schr\u00e4gen Einzelstrahlmodule mit Gesamtl\u00e4nge 2506 mm.<\/p>\n<p>2 St\u00fcck Quecksilber- Strahler P367<\/p>\n<p>Strahlerleistung von 60 \u2013 120 W\/cm<\/p>\n<p>Installierte elektrische Leistung min. (80 W\/cm)<span class=\"Apple-converted-space\">&nbsp;<\/span><\/p>\n<p>26,05 kW; max. (120 W\/cm) 38,25 kW<\/p>\n<p>Steuerungsschrank f\u00fcr 2 Strahler<\/p>\n<p>Stabf\u00f6rderer Leicht &#8211; L\u00e4nge 3500 mm<\/p>\n<p>Geschwindigkeit max. 14 m\/min; min. 2,1 m\/min<\/p>\n<p>Stabf\u00f6rderer mit doppelter Kette und verchromten St\u00e4ben, Durchmesser 25 mm, Stabteilung 114 mm<\/p>\n<p>Installierte elektrische Leistung 0,37 kW<\/p>\n<\/td>\n<\/tr>\n<tr>\n<td valign=\"top\">\n<p><b>Auslaufrollenbahn, Typ: TRC 2500<\/b><\/p>\n<p><b>Machine No. 08098\/09<\/b><\/p>\n<\/td>\n<td valign=\"top\">\n<p>L\u00e4nge 2500 mm, PVC verkleidete Rollen<\/p>\n<p>Durchmesser 66 mm, Rollenteilung 166 mm<\/p>\n<p>Antrieb 0,26 kW; Geschwindigkeit von bis 12,9 m\/min<\/p>\n<\/td>\n<\/tr>\n<tr>\n<td valign=\"top\">\n<p><b>Lufthyperfilter und Befeuchtungsgruppe<span class=\"Apple-converted-space\">&nbsp;<\/span><\/b><\/p>\n<p><b>Typ: FC24 &#8211; GTTA<\/b><\/p>\n<p><b>Machine No. CA 8098A10<\/b><\/p>\n<\/td>\n<td valign=\"top\">\n<p>Radial-Zuluftventilator mit Durchsatz 24000 m\u00b3\/h<\/p>\n<p>Installierte elektrische Leistung 10,3 kW<\/p>\n<p>Installierte Heizleistung 216000 Kcal\/h<\/p>\n<p>Druckluftverbrauch 2 NI\/min<\/p>\n<p>Heizregister Q= 216000 KCAL\/H<\/p>\n<p>Heizmedium: Warmwasser<\/p>\n<p>Befeuchtungseinheit<\/p>\n<p>FC24\/U \u2013 Zusatz f\u00fcr Befeuchtungseinheit, Leistung 2,2 kW.<\/p>\n<p>Heizregister Q= 345600 KCAL\/H<\/p>\n<p>Edelstahlbefeuchter<span class=\"Apple-converted-space\">&nbsp;<\/span><\/p>\n<p>GR \u2013 Montierte Warmwassereinheit<\/p>\n<p>ST \u2013 St\u00fcckger\u00fcst mit Laufsteg f\u00fcr Anlage mit Durchsatz bis zu 32000 m3\/h \u2013 Positioniert \u00fcber UV Trockner.<span class=\"Apple-converted-space\">&nbsp;<\/span><\/p>\n<\/td>\n<\/tr>\n<tr>\n<td valign=\"top\">\n<p>Abmessungen (L x B x H)<\/p>\n<\/td>\n<td valign=\"top\">\n<p>39,90 m x 3,55 m x 5,70 m( max)<\/p>\n<\/td>\n<\/tr>\n<tr>\n<td valign=\"top\">&nbsp;<\/td>\n<td valign=\"top\">&nbsp;<\/td>\n<\/tr>\n<\/tbody>\n<\/table>\n<p><i>(\u00c4nderungen und Irrt\u00fcmer in den technischen Daten sowie Zwischenverkauf vorbehalten)<\/i><\/p>\n","protected":false},"excerpt":{"rendered":"<p>&nbsp; Technische Daten Ausma\u00df der Bearbeitenden Werkst\u00fccke L\u00e4nge max. 3500 mm; min. 300 mm Breite max. 1300 mm; min. 10 mm St\u00e4rke max. 80 mm; min. 10 mm Biegung 10 mm Mindesttemperatur -5\u00b0C Heizmedium: Wasser 90\u00b0 Druck 6 bar max Bedienungsseite: Rechts Die Anlage besteht aus:&nbsp; &nbsp; Beschickungsbandf\u00f6rderer Typ: TNS 1450\/RBT, Maschine Nr. 08098\/01 Gesamtl\u00e4nge [&hellip;]<\/p>\n","protected":false},"featured_media":12755,"template":"","meta":{"_monsterinsights_skip_tracking":false,"_monsterinsights_sitenote_active":false,"_monsterinsights_sitenote_note":"","_monsterinsights_sitenote_category":0,"ngg_post_thumbnail":0},"product_cat":[310],"product_tag":[],"class_list":{"0":"post-12758","1":"product","2":"type-product","3":"status-publish","4":"has-post-thumbnail","6":"product_cat-oberflachentechnik","8":"first","9":"instock","10":"shipping-taxable","11":"product-type-simple"},"_links":{"self":[{"href":"https:\/\/iberus.pl\/index.php?rest_route=\/wp\/v2\/product\/12758"}],"collection":[{"href":"https:\/\/iberus.pl\/index.php?rest_route=\/wp\/v2\/product"}],"about":[{"href":"https:\/\/iberus.pl\/index.php?rest_route=\/wp\/v2\/types\/product"}],"wp:featuredmedia":[{"embeddable":true,"href":"https:\/\/iberus.pl\/index.php?rest_route=\/wp\/v2\/media\/12755"}],"wp:attachment":[{"href":"https:\/\/iberus.pl\/index.php?rest_route=%2Fwp%2Fv2%2Fmedia&parent=12758"}],"wp:term":[{"taxonomy":"product_cat","embeddable":true,"href":"https:\/\/iberus.pl\/index.php?rest_route=%2Fwp%2Fv2%2Fproduct_cat&post=12758"},{"taxonomy":"product_tag","embeddable":true,"href":"https:\/\/iberus.pl\/index.php?rest_route=%2Fwp%2Fv2%2Fproduct_tag&post=12758"}],"curies":[{"name":"wp","href":"https:\/\/api.w.org\/{rel}","templated":true}]}}