{"id":12355,"date":"2021-02-26T13:16:23","date_gmt":"2021-02-26T13:16:23","guid":{"rendered":"https:\/\/iberus.pl\/?post_type=product&#038;p=12355"},"modified":"2021-03-18T14:16:45","modified_gmt":"2021-03-18T14:16:45","slug":"pila-optymalizujaca-reinhardt-model-slim-line-sl125-300vr2-rok-2009","status":"publish","type":"product","link":"https:\/\/iberus.pl\/?product=pila-optymalizujaca-reinhardt-model-slim-line-sl125-300vr2-rok-2009","title":{"rendered":"Pila optymalizujaca Reinhardt Model: Slim Line SL125 &#8211; 300VR2, rok 2009"},"content":{"rendered":"<p><iframe loading=\"lazy\" src=\"\/\/www.youtube.com\/embed\/Pv_V3BF7138\" width=\"560\" height=\"314\" allowfullscreen=\"allowfullscreen\"><\/iframe><\/p>\n<p><iframe loading=\"lazy\" src=\"\/\/www.youtube.com\/embed\/nPBMbrEJhR8\" width=\"560\" height=\"314\" allowfullscreen=\"allowfullscreen\"><\/iframe><\/p>\n<p>&nbsp;<\/p>\n<p>Optymalizerka Slim Line VR &nbsp;&#8211; przeznaczona do automatycznego ci\u0119cia poprzecznego element\u00f3w obrabianych pojedynczo, programowo lub pakietowo. Sterowanie komputerowe pozwala na jedno ci\u0119cie bardziej skomplikowanych ci\u0119\u0107 i zawsze na nowo ustala\u0107 ci\u0119cia programowe dla serii produkcyjnych.<\/p>\n<p>D\u0142ugo\u015b\u0107 wejsciowa przedmiotu obrabianego max 4000 mm<br \/>\nRegulowany system popychacza (podnoszony i opuszczany)<br \/>\nSzeroko\u015b\u0107 ci\u0119cia max 350 mm<br \/>\nWysoko\u015b\u0107 robocza max 125 mm<br \/>\nMoc silnika pi\u0142y 11 kW<br \/>\nMoc silnikow podcinaczy (2 podcinaki) 2 x 1,5 kW<br \/>\n\u015arednica glownej pi\u0142y 600 \/ 5,2 mm, otw\u00f3r 30 mm, Z &#8211; 72<br \/>\nSystem ogrzewania w strefie ci\u0119cia + dmuchawa w celu utrzymania strefy w czysto\u015bci<br \/>\nOdczyt wad<br \/>\nSterowanie elektroniczne CONTROL 6 (Windows CE)<br \/>\nCi\u015bnienie robocze 6 bar<br \/>\nMinimalny przep\u0142yw powietrza 6.200 m\u00b3 \/ h<br \/>\nNapi\u0119cie robocze 400 V \/ 50 Hz<br \/>\nCa\u0142kowita moc przy\u0142\u0105cza 20 kW<\/p>\n<p>Miejsce postoju Niemcy<\/p>\n","protected":false},"excerpt":{"rendered":"<p>&nbsp; Optymalizerka Slim Line VR &nbsp;&#8211; przeznaczona do automatycznego ci\u0119cia poprzecznego element\u00f3w obrabianych pojedynczo, programowo lub pakietowo. Sterowanie komputerowe pozwala na jedno ci\u0119cie bardziej skomplikowanych ci\u0119\u0107 i zawsze na nowo ustala\u0107 ci\u0119cia programowe dla serii produkcyjnych. D\u0142ugo\u015b\u0107 wejsciowa przedmiotu obrabianego max 4000 mm Regulowany system popychacza (podnoszony i opuszczany) Szeroko\u015b\u0107 ci\u0119cia max 350 mm Wysoko\u015b\u0107 [&hellip;]<\/p>\n","protected":false},"featured_media":12357,"template":"","meta":{"_monsterinsights_skip_tracking":false,"_monsterinsights_sitenote_active":false,"_monsterinsights_sitenote_note":"","_monsterinsights_sitenote_category":0,"ngg_post_thumbnail":0},"product_cat":[300,246],"product_tag":[],"class_list":{"0":"post-12355","1":"product","2":"type-product","3":"status-publish","4":"has-post-thumbnail","6":"product_cat-maszyny-tartaczne","7":"product_cat-pily","9":"first","10":"instock","11":"shipping-taxable","12":"product-type-simple"},"_links":{"self":[{"href":"https:\/\/iberus.pl\/index.php?rest_route=\/wp\/v2\/product\/12355"}],"collection":[{"href":"https:\/\/iberus.pl\/index.php?rest_route=\/wp\/v2\/product"}],"about":[{"href":"https:\/\/iberus.pl\/index.php?rest_route=\/wp\/v2\/types\/product"}],"wp:featuredmedia":[{"embeddable":true,"href":"https:\/\/iberus.pl\/index.php?rest_route=\/wp\/v2\/media\/12357"}],"wp:attachment":[{"href":"https:\/\/iberus.pl\/index.php?rest_route=%2Fwp%2Fv2%2Fmedia&parent=12355"}],"wp:term":[{"taxonomy":"product_cat","embeddable":true,"href":"https:\/\/iberus.pl\/index.php?rest_route=%2Fwp%2Fv2%2Fproduct_cat&post=12355"},{"taxonomy":"product_tag","embeddable":true,"href":"https:\/\/iberus.pl\/index.php?rest_route=%2Fwp%2Fv2%2Fproduct_tag&post=12355"}],"curies":[{"name":"wp","href":"https:\/\/api.w.org\/{rel}","templated":true}]}}