{"id":10942,"date":"2018-02-01T14:57:02","date_gmt":"2018-02-01T14:57:02","guid":{"rendered":"http:\/\/iberus.pl\/?post_type=product&#038;p=10942"},"modified":"2021-02-26T16:11:12","modified_gmt":"2021-02-26T16:11:12","slug":"polerka-maszyna-do-polerowania-lakieru-gmb-model-roll-z-oscylacja","status":"publish","type":"product","link":"https:\/\/iberus.pl\/?product=polerka-maszyna-do-polerowania-lakieru-gmb-model-roll-z-oscylacja","title":{"rendered":"Polerka \/ maszyna do polerowania lakieru GMB Model Roll z oscylacja."},"content":{"rendered":"<p>&nbsp;<\/p>\n<table cellspacing=\"0\" cellpadding=\"0\">\n<tbody>\n<tr>\n<td valign=\"top\">\n<p>Maszyna nr<\/p>\n<\/td>\n<td valign=\"top\">\n<p>920227<\/p>\n<\/td>\n<\/tr>\n<tr>\n<td valign=\"top\">\n<p>Szeroko\u015b\u0107 robocza<\/p>\n<\/td>\n<td valign=\"top\">\n<p>1400 mm<\/p>\n<\/td>\n<\/tr>\n<tr>\n<td valign=\"top\">\n<p>Wysoko\u015b\u0107 przej\u015bcia<\/p>\n<\/td>\n<td valign=\"top\">\n<p>10 &#8211; 150 mm, elektr. przestawne<\/p>\n<\/td>\n<\/tr>\n<tr>\n<td valign=\"top\">\n<p>Podparcie obrabianego przedmiotu<\/p>\n<\/td>\n<td valign=\"top\">\n<p>ok. 5000 x 1400 mm za pomoca uchwytow<\/p>\n<\/td>\n<\/tr>\n<tr>\n<td valign=\"top\">\n<p>D\u0142ugo\u015b\u0107 sto\u0142u roboczego<\/p>\n<\/td>\n<td valign=\"top\">\n<p>5800 mm<\/p>\n<\/td>\n<\/tr>\n<tr>\n<td valign=\"top\">\n<p>Szeroko\u015b\u0107 sto\u0142u roboczego<\/p>\n<\/td>\n<td valign=\"top\">\n<p>1400 mm<\/p>\n<\/td>\n<\/tr>\n<tr>\n<td valign=\"top\">\n<p>Jednostki polerskie<\/p>\n<\/td>\n<td valign=\"top\">\n<p>2 szt.<\/p>\n<\/td>\n<\/tr>\n<tr>\n<td valign=\"top\">\n<p>1. Agregat polerski pod katem<\/p>\n<\/td>\n<td valign=\"top\">\n<p>srednica 350 mm<\/p>\n<\/td>\n<\/tr>\n<tr>\n<td valign=\"top\">&nbsp;<\/td>\n<td valign=\"top\">\n<p>silnik 11 kW<\/p>\n<\/td>\n<\/tr>\n<tr>\n<td valign=\"top\">&nbsp;<\/td>\n<td valign=\"top\">\n<p>oscylacja 0,37 kW<\/p>\n<\/td>\n<\/tr>\n<tr>\n<td valign=\"top\">\n<p>2. Agregat polerski na prosto<\/p>\n<\/td>\n<td valign=\"top\">\n<p>srednica 350 mm<\/p>\n<\/td>\n<\/tr>\n<tr>\n<td valign=\"top\">&nbsp;<\/td>\n<td valign=\"top\">\n<p>silnik 11 kW<\/p>\n<\/td>\n<\/tr>\n<tr>\n<td valign=\"top\">&nbsp;<\/td>\n<td valign=\"top\">\n<p>oscylacja 0,37 kW<\/p>\n<\/td>\n<\/tr>\n<tr>\n<td valign=\"top\">\n<p>Regulowany posuw sto\u0142u<\/p>\n<\/td>\n<td valign=\"top\">\n<p>lewo, prawo<span class=\"Apple-converted-space\">&nbsp;<\/span><\/p>\n<\/td>\n<\/tr>\n<tr>\n<td valign=\"top\">\n<p>Warto\u015b\u0107 po\u0142\u0105czenia elektrycznego<\/p>\n<\/td>\n<td valign=\"top\">\n<p>ok.<span class=\"Apple-converted-space\">&nbsp; <\/span>24 kW<\/p>\n<\/td>\n<\/tr>\n<tr>\n<td valign=\"top\">\n<p>Masa<\/p>\n<\/td>\n<td valign=\"top\">\n<p>2000 kg<\/p>\n<\/td>\n<\/tr>\n<tr>\n<td valign=\"top\">\n<p>Wymagania przestrzenne<\/p>\n<\/td>\n<td valign=\"top\">\n<p>5800 x 2300 x 1800 mm<\/p>\n<\/td>\n<\/tr>\n<tr>\n<td valign=\"top\">\n<p>Lokalizacja<\/p>\n<\/td>\n<td valign=\"top\">\n<p>magazyn Gdansk \/ Poland<\/p>\n<\/td>\n<\/tr>\n<\/tbody>\n<\/table>\n<p><i><span class=\"Apple-converted-space\">&nbsp;<\/span>(Z zastrze\u017ceniem, pomy\u0142ek, zmian technicznych i wcze\u015bniejszej sprzeda\u017cy)<\/i><\/p>\n","protected":false},"excerpt":{"rendered":"<p>&nbsp; Maszyna nr 920227 Szeroko\u015b\u0107 robocza 1400 mm Wysoko\u015b\u0107 przej\u015bcia 10 &#8211; 150 mm, elektr. przestawne Podparcie obrabianego przedmiotu ok. 5000 x 1400 mm za pomoca uchwytow D\u0142ugo\u015b\u0107 sto\u0142u roboczego 5800 mm Szeroko\u015b\u0107 sto\u0142u roboczego 1400 mm Jednostki polerskie 2 szt. 1. Agregat polerski pod katem srednica 350 mm &nbsp; silnik 11 kW &nbsp; oscylacja [&hellip;]<\/p>\n","protected":false},"featured_media":10950,"template":"","meta":{"_monsterinsights_skip_tracking":false,"_monsterinsights_sitenote_active":false,"_monsterinsights_sitenote_note":"","_monsterinsights_sitenote_category":0,"ngg_post_thumbnail":0},"product_cat":[338],"product_tag":[],"class_list":{"0":"post-10942","1":"product","2":"type-product","3":"status-publish","4":"has-post-thumbnail","6":"product_cat-sprzedane","8":"first","9":"instock","10":"shipping-taxable","11":"product-type-simple"},"_links":{"self":[{"href":"https:\/\/iberus.pl\/index.php?rest_route=\/wp\/v2\/product\/10942"}],"collection":[{"href":"https:\/\/iberus.pl\/index.php?rest_route=\/wp\/v2\/product"}],"about":[{"href":"https:\/\/iberus.pl\/index.php?rest_route=\/wp\/v2\/types\/product"}],"wp:featuredmedia":[{"embeddable":true,"href":"https:\/\/iberus.pl\/index.php?rest_route=\/wp\/v2\/media\/10950"}],"wp:attachment":[{"href":"https:\/\/iberus.pl\/index.php?rest_route=%2Fwp%2Fv2%2Fmedia&parent=10942"}],"wp:term":[{"taxonomy":"product_cat","embeddable":true,"href":"https:\/\/iberus.pl\/index.php?rest_route=%2Fwp%2Fv2%2Fproduct_cat&post=10942"},{"taxonomy":"product_tag","embeddable":true,"href":"https:\/\/iberus.pl\/index.php?rest_route=%2Fwp%2Fv2%2Fproduct_tag&post=10942"}],"curies":[{"name":"wp","href":"https:\/\/api.w.org\/{rel}","templated":true}]}}