{"id":10714,"date":"2018-01-19T17:53:21","date_gmt":"2018-01-19T17:53:21","guid":{"rendered":"http:\/\/iberus.pl\/?post_type=product&#038;p=10714"},"modified":"2021-02-26T16:08:41","modified_gmt":"2021-02-26T16:08:41","slug":"tunel-suszarniczy-uv-cefla-typ-tlf-3l-80w","status":"publish","type":"product","link":"https:\/\/iberus.pl\/?product=tunel-suszarniczy-uv-cefla-typ-tlf-3l-80w","title":{"rendered":"Tunel suszarniczy UV Cefla Typ: TLF \/ 3L 80W"},"content":{"rendered":"<table cellspacing=\"0\" cellpadding=\"0\">\n<tbody>\n<tr>\n<td valign=\"top\">\n<p>Dlugosc calkowita<\/p>\n<\/td>\n<td valign=\"top\">\n<p>4000 mm<\/p>\n<\/td>\n<\/tr>\n<tr>\n<td valign=\"top\">\n<p>Szerokosc calkowita<\/p>\n<\/td>\n<td valign=\"top\">\n<p>2492 mm<\/p>\n<\/td>\n<\/tr>\n<tr>\n<td valign=\"top\">\n<p>Max. szerokosc obrobcza<\/p>\n<\/td>\n<td valign=\"top\">\n<p>1300 mm<\/p>\n<\/td>\n<\/tr>\n<tr>\n<td valign=\"top\">\n<p>Max. wysokosc obrobcza &#8211; przeswit<\/p>\n<\/td>\n<td valign=\"top\">\n<p>70 mm<\/p>\n<\/td>\n<\/tr>\n<tr>\n<td valign=\"top\">\n<p>Min. dlugosc obrobcza materialu<\/p>\n<\/td>\n<td valign=\"top\">\n<p>400 mm<\/p>\n<\/td>\n<\/tr>\n<tr>\n<td valign=\"top\">\n<p><b>2 Moduly z 3 promiennikami UV<\/b><\/p>\n<\/td>\n<td valign=\"top\">\n<p><b>Typ: TLF \/ 3L 80W<\/b><\/p>\n<\/td>\n<\/tr>\n<tr>\n<td valign=\"top\">\n<p>Wydajnosc lamp i zuzycie energii<\/p>\n<\/td>\n<td valign=\"top\">&nbsp;<\/td>\n<\/tr>\n<tr>\n<td valign=\"top\">\n<p>3 x 80 W\/cm2<\/p>\n<\/td>\n<td valign=\"top\">\n<p>3 x 11 kW<\/p>\n<\/td>\n<\/tr>\n<tr>\n<td valign=\"top\">\n<p>Dlugosc promiennikow<\/p>\n<\/td>\n<td valign=\"top\">\n<p>1445 mm<\/p>\n<\/td>\n<\/tr>\n<tr>\n<td valign=\"top\">\n<p>Wentylator chlodzacy<\/p>\n<\/td>\n<td valign=\"top\">\n<p>2 x 900 m\u00b3\/h<\/p>\n<\/td>\n<\/tr>\n<tr>\n<td valign=\"top\">\n<p>Moc wentylatora<\/p>\n<\/td>\n<td valign=\"top\">\n<p>2 x 0,55 kW<\/p>\n<\/td>\n<\/tr>\n<tr>\n<td valign=\"top\">\n<p>Zuzycie powietrza przeplywowego<\/p>\n<\/td>\n<td valign=\"top\">\n<p>2 NL\/Zyklus<\/p>\n<\/td>\n<\/tr>\n<tr>\n<td valign=\"top\">\n<p>Obracanie promiennikow<\/p>\n<\/td>\n<td valign=\"top\">\n<p>System elektro- pneumatyczny<span class=\"Apple-converted-space\">&nbsp;<\/span><\/p>\n<\/td>\n<\/tr>\n<tr>\n<td valign=\"top\">\n<p>Oddzielna szafa sterownicza<\/p>\n<\/td>\n<td valign=\"top\">&nbsp;<\/td>\n<\/tr>\n<tr>\n<td valign=\"top\">\n<p><b>Transporter drazkowy napedzany dwoma bocznymi lancuchami rownoczesnie.<\/b><\/p>\n<\/td>\n<td valign=\"top\">\n<p><b>Typ: TLF 40 \/ BB8 \/ 3 \/ R<\/b><\/p>\n<\/td>\n<\/tr>\n<tr>\n<td valign=\"top\">\n<p>Dlugosc transportera<\/p>\n<\/td>\n<td valign=\"top\">\n<p>4000 + klapa 500 mm<\/p>\n<\/td>\n<\/tr>\n<tr>\n<td valign=\"top\">\n<p>Szerokosc robocza<\/p>\n<\/td>\n<td valign=\"top\">\n<p>1300 mm<\/p>\n<\/td>\n<\/tr>\n<tr>\n<td valign=\"top\">\n<p>Wysokosc robocza od podloza<\/p>\n<\/td>\n<td valign=\"top\">\n<p>860 \u2013 940 mm<\/p>\n<\/td>\n<\/tr>\n<tr>\n<td valign=\"top\">\n<p>Posuw<\/p>\n<\/td>\n<td valign=\"top\">\n<p>0,65 kW<\/p>\n<\/td>\n<\/tr>\n<tr>\n<td valign=\"top\">\n<p>Predkosc posuwu<\/p>\n<\/td>\n<td valign=\"top\">\n<p>2,2 \u2013 19,4 m\/min<\/p>\n<\/td>\n<\/tr>\n<tr>\n<td valign=\"top\">\n<p>Napiecie zasilajace<\/p>\n<\/td>\n<td valign=\"top\">\n<p>380 V, AC, 50 Hz, 3 Phasen<\/p>\n<\/td>\n<\/tr>\n<tr>\n<td valign=\"top\">\n<p>Calkowita moc maszyny<\/p>\n<\/td>\n<td valign=\"top\">\n<p>38 kW<\/p>\n<\/td>\n<\/tr>\n<tr>\n<td valign=\"top\">\n<p>Waga<\/p>\n<\/td>\n<td valign=\"top\">\n<p>ok. 2200 kg<\/p>\n<\/td>\n<\/tr>\n<tr>\n<td valign=\"top\">\n<p>Miejsce postoju<\/p>\n<\/td>\n<td valign=\"top\">\n<p>Gdansk<span class=\"Apple-converted-space\">&nbsp;<\/span><\/p>\n<\/td>\n<\/tr>\n<\/tbody>\n<\/table>\n<p><i>(Zmiany i b\u0142\u0119dy w opisie danych technicznych jak i wczesniejsza sprzeda\u017c dozwolone)<\/i><\/p>\n","protected":false},"excerpt":{"rendered":"<p>Dlugosc calkowita 4000 mm Szerokosc calkowita 2492 mm Max. szerokosc obrobcza 1300 mm Max. wysokosc obrobcza &#8211; przeswit 70 mm Min. dlugosc obrobcza materialu 400 mm 2 Moduly z 3 promiennikami UV Typ: TLF \/ 3L 80W Wydajnosc lamp i zuzycie energii &nbsp; 3 x 80 W\/cm2 3 x 11 kW Dlugosc promiennikow 1445 mm [&hellip;]<\/p>\n","protected":false},"featured_media":10715,"template":"","meta":{"_monsterinsights_skip_tracking":false,"_monsterinsights_sitenote_active":false,"_monsterinsights_sitenote_note":"","_monsterinsights_sitenote_category":0,"ngg_post_thumbnail":0},"product_cat":[338],"product_tag":[],"class_list":{"0":"post-10714","1":"product","2":"type-product","3":"status-publish","4":"has-post-thumbnail","6":"product_cat-sprzedane","8":"first","9":"instock","10":"shipping-taxable","11":"product-type-simple"},"_links":{"self":[{"href":"https:\/\/iberus.pl\/index.php?rest_route=\/wp\/v2\/product\/10714"}],"collection":[{"href":"https:\/\/iberus.pl\/index.php?rest_route=\/wp\/v2\/product"}],"about":[{"href":"https:\/\/iberus.pl\/index.php?rest_route=\/wp\/v2\/types\/product"}],"wp:featuredmedia":[{"embeddable":true,"href":"https:\/\/iberus.pl\/index.php?rest_route=\/wp\/v2\/media\/10715"}],"wp:attachment":[{"href":"https:\/\/iberus.pl\/index.php?rest_route=%2Fwp%2Fv2%2Fmedia&parent=10714"}],"wp:term":[{"taxonomy":"product_cat","embeddable":true,"href":"https:\/\/iberus.pl\/index.php?rest_route=%2Fwp%2Fv2%2Fproduct_cat&post=10714"},{"taxonomy":"product_tag","embeddable":true,"href":"https:\/\/iberus.pl\/index.php?rest_route=%2Fwp%2Fv2%2Fproduct_tag&post=10714"}],"curies":[{"name":"wp","href":"https:\/\/api.w.org\/{rel}","templated":true}]}}