{"id":8898,"date":"2017-09-10T15:04:30","date_gmt":"2017-09-10T15:04:30","guid":{"rendered":"http:\/\/iberus.pl\/?page_id=8898"},"modified":"2017-09-10T15:04:30","modified_gmt":"2017-09-10T15:04:30","slug":"szczotki-2","status":"publish","type":"page","link":"https:\/\/iberus.pl\/?page_id=8898","title":{"rendered":"Szczotki"},"content":{"rendered":"<p><strong>Wiele podobnych profili mo\u017cna szlifowa\u0107 jednym narz\u0119dziem<\/strong><\/p>\n<p>Cylindryczne i k\u0105towe szczotki obrotowe mog\u0105 by\u0107 \u0142\u0105czone ze sob\u0105 dla indywidualnego profilu lub rodziny profili. Szczotki s\u0105 odporne na odkszta\u0142cenia zar\u00f3wno wysoko\u015bci jak i \u015brednicy. Pojedyncza g\u0142owica mo\u017ce by\u0107 stosowane do szlifowania podobnych profili.<\/p>\n<p><strong>Cylindryczna szczotka obrotowa <\/strong><\/p>\n<p>dost\u0119pna w \u015brednicach 100-250 mm i wysoko\u015bciach 50-200 mm.<br \/>\nWk\u0142ad szlifuj\u0105cy zmienia si\u0119 oddzielnie, co daje mo\u017cliwo\u015b\u0107 wielokrotnego u\u017cycia szczotki podpieraj\u0105cej.<\/p>\n<p><strong>K\u0105towa szczotka obrotowa<\/strong><\/p>\n<p>dost\u0119pne k\u0105ty 0\u00b0 &#8211; 75\u00b0 i \u015brednice zewn\u0119trzne 100-250 mm.<br \/>\nWysokie bezpiecze\u0144stwo pracy przy pr\u0119dko\u015bciach do 1500 obr \/ min<br \/>\nG\u0142\u0119boko\u015b\u0107 szlifowania 20, 40 i 50 mm dost\u0119pne dla szczotki podpieraj\u0105cej i wk\u0142adu szlifuj\u0105cego<\/p>\n<p><strong>Wk\u0142ady szlifuj\u0105ce:<\/strong><\/p>\n<p>\u017cywotno\u015b\u0107 szczotek podpieraj\u0105cych jest du\u017co wy\u017csza od wk\u0142ad\u00f3w z papieru \u015bciernego, dlatego te\u017c mo\u017cliwe jest wymienianie samych tylko szczotek.<\/p>\n<p><img decoding=\"async\" src=\"http:\/\/iberus.pl\/wp-content\/uploads\/pid10_rendering.png\" alt=\"\" align=\"\" border=\"0px\" \/><\/p>\n","protected":false},"excerpt":{"rendered":"<p>Wiele podobnych profili mo\u017cna szlifowa\u0107 jednym narz\u0119dziem Cylindryczne i k\u0105towe szczotki obrotowe mog\u0105 by\u0107 \u0142\u0105czone ze sob\u0105 dla indywidualnego profilu lub rodziny profili. Szczotki s\u0105 odporne na odkszta\u0142cenia zar\u00f3wno wysoko\u015bci jak i \u015brednicy. Pojedyncza g\u0142owica mo\u017ce by\u0107 stosowane do szlifowania podobnych profili. Cylindryczna szczotka obrotowa dost\u0119pna w \u015brednicach 100-250 mm i wysoko\u015bciach 50-200 mm. Wk\u0142ad [&hellip;]<\/p>\n","protected":false},"author":6,"featured_media":0,"parent":0,"menu_order":0,"comment_status":"closed","ping_status":"closed","template":"","meta":{"_monsterinsights_skip_tracking":false,"_monsterinsights_sitenote_active":false,"_monsterinsights_sitenote_note":"","_monsterinsights_sitenote_category":0,"ngg_post_thumbnail":0,"footnotes":""},"class_list":["post-8898","page","type-page","status-publish","hentry"],"_links":{"self":[{"href":"https:\/\/iberus.pl\/index.php?rest_route=\/wp\/v2\/pages\/8898"}],"collection":[{"href":"https:\/\/iberus.pl\/index.php?rest_route=\/wp\/v2\/pages"}],"about":[{"href":"https:\/\/iberus.pl\/index.php?rest_route=\/wp\/v2\/types\/page"}],"author":[{"embeddable":true,"href":"https:\/\/iberus.pl\/index.php?rest_route=\/wp\/v2\/users\/6"}],"replies":[{"embeddable":true,"href":"https:\/\/iberus.pl\/index.php?rest_route=%2Fwp%2Fv2%2Fcomments&post=8898"}],"version-history":[{"count":1,"href":"https:\/\/iberus.pl\/index.php?rest_route=\/wp\/v2\/pages\/8898\/revisions"}],"predecessor-version":[{"id":8899,"href":"https:\/\/iberus.pl\/index.php?rest_route=\/wp\/v2\/pages\/8898\/revisions\/8899"}],"wp:attachment":[{"href":"https:\/\/iberus.pl\/index.php?rest_route=%2Fwp%2Fv2%2Fmedia&parent=8898"}],"curies":[{"name":"wp","href":"https:\/\/api.w.org\/{rel}","templated":true}]}}