{"id":8896,"date":"2017-09-10T15:03:01","date_gmt":"2017-09-10T15:03:01","guid":{"rendered":"http:\/\/iberus.pl\/?page_id=8896"},"modified":"2017-09-10T15:03:01","modified_gmt":"2017-09-10T15:03:01","slug":"arminius-basic-line","status":"publish","type":"page","link":"https:\/\/iberus.pl\/?page_id=8896","title":{"rendered":"Arminius BASIC-Line"},"content":{"rendered":"<p><strong>Arminius BASIC-Line system szlifowania profilowego.<\/strong><\/p>\n<p>Profesjonalny system szlifowania profilowego w cenie przyjaznej rzemie\u015blnikom.<\/p>\n<p>W r\u00f3\u017cnych wydaniach mo\u017ce by\u0107 u\u017cywany jako niedrogie narz\u0119dzie na frezarkach dolnowrzecionowych, maszynach CNC, maszynach przelotowych i frezarkach zar\u00f3wno w warsztatach rzemie\u015blniczych dla mniejszych serii, a tak\u017ce &#8211; z odpowiednim wyposa\u017ceniem &#8211; w zak\u0142adach przemys\u0142owych o wysokich wymaganiach wydajno\u015bciowych co do ilo\u015bci metr\u00f3w i precyzji.<\/p>\n<p><strong>Zastosowania i zalety:<\/strong><\/p>\n<ul>\n<li>&#8222;wszystko w jednym&#8221; &#8211; platforma wszystkich kraw\u0119dzi profilowanych, p\u0142aszczyzn wype\u0142nie\u0144 i listew na wsp\u00f3lnej podstawie<\/li>\n<li>dla profili p\u0142askich nie jest ju\u017c potrzebna osobna g\u0142owica podstawowa<\/li>\n<li>3-stopniowy system modu\u0142owy pozwala na zastosowanie przy ka\u017cdym bud\u017cecie<\/li>\n<li>przemys\u0142owo wytwarzane tanie elementy z tworzyw sztucznych<\/li>\n<li>tak\u017ce dla prawie wszystkich praktycznych zastosowa\u0144 w ju\u017c istniej\u0105cych standardach i profili klienta<\/li>\n<li>zastosowanie dla produkcji nawet kilku metr\u00f3w sprawdza si\u0119 ekonomicznie<\/li>\n<li>op\u0142acalne frezowanie i szlifowanie profilu przy produkcji jednostkowej<\/li>\n<li>dost\u0119pne w ca\u0142ym \u015bwiecie wsparcie on-line przez sklep internetowy, generowanie ofert i przekazywanie danych profilu CAD<\/li>\n<li>BASIC Line otwiera wszelkie mo\u017cliwo\u015bci<\/li>\n<\/ul>\n<p align=\"center\"><img decoding=\"async\" src=\"http:\/\/iberus.pl\/wp-content\/uploads\/basicline.png\" alt=\"\" align=\"\" border=\"0px\" \/><\/p>\n","protected":false},"excerpt":{"rendered":"<p>Arminius BASIC-Line system szlifowania profilowego. Profesjonalny system szlifowania profilowego w cenie przyjaznej rzemie\u015blnikom. W r\u00f3\u017cnych wydaniach mo\u017ce by\u0107 u\u017cywany jako niedrogie narz\u0119dzie na frezarkach dolnowrzecionowych, maszynach CNC, maszynach przelotowych i frezarkach zar\u00f3wno w warsztatach rzemie\u015blniczych dla mniejszych serii, a tak\u017ce &#8211; z odpowiednim wyposa\u017ceniem &#8211; w zak\u0142adach przemys\u0142owych o wysokich wymaganiach wydajno\u015bciowych co do ilo\u015bci [&hellip;]<\/p>\n","protected":false},"author":6,"featured_media":0,"parent":0,"menu_order":0,"comment_status":"closed","ping_status":"closed","template":"","meta":{"_monsterinsights_skip_tracking":false,"_monsterinsights_sitenote_active":false,"_monsterinsights_sitenote_note":"","_monsterinsights_sitenote_category":0,"ngg_post_thumbnail":0,"footnotes":""},"class_list":["post-8896","page","type-page","status-publish","hentry"],"_links":{"self":[{"href":"https:\/\/iberus.pl\/index.php?rest_route=\/wp\/v2\/pages\/8896"}],"collection":[{"href":"https:\/\/iberus.pl\/index.php?rest_route=\/wp\/v2\/pages"}],"about":[{"href":"https:\/\/iberus.pl\/index.php?rest_route=\/wp\/v2\/types\/page"}],"author":[{"embeddable":true,"href":"https:\/\/iberus.pl\/index.php?rest_route=\/wp\/v2\/users\/6"}],"replies":[{"embeddable":true,"href":"https:\/\/iberus.pl\/index.php?rest_route=%2Fwp%2Fv2%2Fcomments&post=8896"}],"version-history":[{"count":1,"href":"https:\/\/iberus.pl\/index.php?rest_route=\/wp\/v2\/pages\/8896\/revisions"}],"predecessor-version":[{"id":8897,"href":"https:\/\/iberus.pl\/index.php?rest_route=\/wp\/v2\/pages\/8896\/revisions\/8897"}],"wp:attachment":[{"href":"https:\/\/iberus.pl\/index.php?rest_route=%2Fwp%2Fv2%2Fmedia&parent=8896"}],"curies":[{"name":"wp","href":"https:\/\/api.w.org\/{rel}","templated":true}]}}